CRAN Package Check Results for Package tggd

Last updated on 2025-02-22 04:51:31 CET.

Flavor Version Tinstall Tcheck Ttotal Status Flags
r-devel-linux-x86_64-debian-clang 0.1.1 1.92 19.53 21.45 NOTE
r-devel-linux-x86_64-debian-gcc 0.1.1 1.52 15.83 17.35 NOTE
r-devel-linux-x86_64-fedora-clang 0.1.1 36.03 OK
r-devel-linux-x86_64-fedora-gcc 0.1.1 32.66 OK
r-devel-macos-arm64 0.1.1 15.00 OK
r-devel-macos-x86_64 0.1.1 27.00 OK
r-devel-windows-x86_64 0.1.1 3.00 48.00 51.00 NOTE
r-patched-linux-x86_64 0.1.1 3.48 18.92 22.40 NOTE
r-release-linux-x86_64 0.1.1 1.61 18.38 19.99 NOTE
r-release-macos-arm64 0.1.1 15.00 NOTE
r-release-macos-x86_64 0.1.1 30.00 NOTE
r-release-windows-x86_64 0.1.1 2.00 46.00 48.00 NOTE
r-oldrel-macos-arm64 0.1.1 17.00 NOTE
r-oldrel-macos-x86_64 0.1.1 23.00 NOTE
r-oldrel-windows-x86_64 0.1.1 3.00 47.00 50.00 NOTE

Check Details

Version: 0.1.1
Check: Rd cross-references
Result: NOTE Found the following Rd file(s) with Rd \link{} targets missing package anchors: tggd.Rd: gamma_inc tggd_ln.Rd: gamma_inc tggd_log.Rd: gamma_inc Please provide package anchors for all Rd \link{} targets not in the package itself and the base packages. Flavors: r-devel-linux-x86_64-debian-clang, r-devel-linux-x86_64-debian-gcc, r-devel-windows-x86_64

Version: 0.1.1
Check: LazyData
Result: NOTE 'LazyData' is specified without a 'data' directory Flavors: r-patched-linux-x86_64, r-release-linux-x86_64, r-release-macos-arm64, r-release-macos-x86_64, r-release-windows-x86_64, r-oldrel-macos-arm64, r-oldrel-macos-x86_64, r-oldrel-windows-x86_64