Last updated on 2024-08-25 05:49:37 CEST.
Flavor | Version | Tinstall | Tcheck | Ttotal | Status | Flags |
---|---|---|---|---|---|---|
r-devel-linux-x86_64-debian-clang | 3.0.6 | 9.54 | 284.34 | 293.88 | NOTE | |
r-devel-linux-x86_64-debian-gcc | 3.0.6 | 6.35 | 190.63 | 196.98 | NOTE | |
r-devel-linux-x86_64-fedora-clang | 3.0.6 | 500.24 | OK | |||
r-devel-linux-x86_64-fedora-gcc | 3.0.6 | 451.33 | OK | |||
r-devel-windows-x86_64 | 3.0.6 | 11.00 | 299.00 | 310.00 | NOTE | |
r-patched-linux-x86_64 | 3.0.6 | 16.32 | 271.28 | 287.60 | OK | |
r-release-linux-x86_64 | 3.0.6 | 8.97 | 270.93 | 279.90 | OK | |
r-release-macos-arm64 | 3.0.6 | 139.00 | OK | |||
r-release-macos-x86_64 | 3.0.6 | 251.00 | OK | |||
r-release-windows-x86_64 | 3.0.6 | 10.00 | 296.00 | 306.00 | OK | |
r-oldrel-macos-arm64 | 3.0.6 | 129.00 | OK | |||
r-oldrel-macos-x86_64 | 3.0.6 | 299.00 | OK | |||
r-oldrel-windows-x86_64 | 3.0.6 | 13.00 | 389.00 | 402.00 | OK |
Version: 3.0.6
Check: Rd cross-references
Result: NOTE
Found the following Rd file(s) with Rd \link{} targets missing package
anchors:
add_predicted_rvars.Rd: rvar
compose_data.Rd: mutate
nest_rvars.Rd: rvar
predict_curve.Rd: tbl_df, grouped_df, group_by
spread_rvars.Rd: rvar
Please provide package anchors for all Rd \link{} targets not in the
package itself and the base packages.
Flavors: r-devel-linux-x86_64-debian-clang, r-devel-linux-x86_64-debian-gcc, r-devel-windows-x86_64