Last updated on 2025-02-21 04:52:09 CET.
Flavor | Version | Tinstall | Tcheck | Ttotal | Status | Flags |
---|---|---|---|---|---|---|
r-devel-linux-x86_64-debian-clang | 2.2.0 | 3.33 | 140.03 | 143.36 | NOTE | |
r-devel-linux-x86_64-debian-gcc | 2.2.0 | 2.59 | 91.84 | 94.43 | NOTE | |
r-devel-linux-x86_64-fedora-clang | 2.2.0 | 245.81 | NOTE | |||
r-devel-linux-x86_64-fedora-gcc | 2.2.0 | 233.58 | NOTE | |||
r-devel-macos-arm64 | 2.2.0 | 67.00 | OK | |||
r-devel-macos-x86_64 | 2.2.0 | 180.00 | NOTE | |||
r-devel-windows-x86_64 | 2.2.0 | 5.00 | 139.00 | 144.00 | NOTE | |
r-patched-linux-x86_64 | 2.2.0 | 3.28 | 129.69 | 132.97 | OK | |
r-release-linux-x86_64 | 2.2.0 | 3.17 | 129.74 | 132.91 | OK | |
r-release-macos-arm64 | 2.2.0 | 69.00 | OK | |||
r-release-macos-x86_64 | 2.2.0 | 121.00 | OK | |||
r-release-windows-x86_64 | 2.2.0 | 6.00 | 136.00 | 142.00 | OK | |
r-oldrel-macos-arm64 | 2.2.0 | 70.00 | OK | |||
r-oldrel-macos-x86_64 | 2.2.0 | 135.00 | OK | |||
r-oldrel-windows-x86_64 | 2.2.0 | 7.00 | 166.00 | 173.00 | OK |
Version: 2.2.0
Check: DESCRIPTION meta-information
Result: NOTE
Missing dependency on R >= 4.1.0 because package code uses the pipe
|> or function shorthand \(...) syntax added in R 4.1.0.
File(s) using such syntax:
‘tidy_plate.R’
Flavors: r-devel-linux-x86_64-debian-clang, r-devel-linux-x86_64-debian-gcc, r-devel-linux-x86_64-fedora-clang, r-devel-linux-x86_64-fedora-gcc, r-devel-macos-x86_64, r-devel-windows-x86_64