Last updated on 2025-02-21 04:52:09 CET.
Flavor | Version | Tinstall | Tcheck | Ttotal | Status | Flags |
---|---|---|---|---|---|---|
r-devel-linux-x86_64-debian-clang | 1.0.10 | 103.23 | 52.55 | 155.78 | OK | |
r-devel-linux-x86_64-debian-gcc | 1.0.10 | 73.14 | 39.48 | 112.62 | OK | |
r-devel-linux-x86_64-fedora-clang | 1.0.10 | 318.60 | OK | |||
r-devel-linux-x86_64-fedora-gcc | 1.0.10 | 300.09 | OK | |||
r-devel-macos-arm64 | 1.0.10 | 74.00 | OK | |||
r-devel-macos-x86_64 | 1.0.10 | 127.00 | OK | |||
r-devel-windows-x86_64 | 1.0.10 | 119.00 | 102.00 | 221.00 | OK | |
r-patched-linux-x86_64 | 1.0.10 | 106.66 | 48.91 | 155.57 | OK | |
r-release-linux-x86_64 | 1.0.10 | 102.78 | 49.50 | 152.28 | OK | |
r-release-macos-arm64 | 1.0.10 | 80.00 | NOTE | |||
r-release-macos-x86_64 | 1.0.10 | 84.00 | NOTE | |||
r-release-windows-x86_64 | 1.0.10 | 122.00 | 99.00 | 221.00 | OK | |
r-oldrel-macos-arm64 | 1.0.10 | 114.00 | NOTE | |||
r-oldrel-macos-x86_64 | 1.0.10 | 160.00 | NOTE | |||
r-oldrel-windows-x86_64 | 1.0.10 | 142.00 | 107.00 | 249.00 | OK |
Version: 1.0.10
Check: installed package size
Result: NOTE
installed size is 9.6Mb
sub-directories of 1Mb or more:
libs 8.6Mb
Flavors: r-release-macos-arm64, r-release-macos-x86_64, r-oldrel-macos-arm64, r-oldrel-macos-x86_64