Last updated on 2025-02-22 04:51:31 CET.
Flavor | Version | Tinstall | Tcheck | Ttotal | Status | Flags |
---|---|---|---|---|---|---|
r-devel-linux-x86_64-debian-clang | 1.6 | 9.30 | 91.85 | 101.15 | NOTE | |
r-devel-linux-x86_64-debian-gcc | 1.6 | 6.16 | 62.97 | 69.13 | NOTE | |
r-devel-linux-x86_64-fedora-clang | 1.6 | 173.04 | NOTE | |||
r-devel-linux-x86_64-fedora-gcc | 1.6 | 164.00 | NOTE | |||
r-devel-macos-arm64 | 1.6 | 54.00 | OK | |||
r-devel-macos-x86_64 | 1.6 | 126.00 | OK | |||
r-devel-windows-x86_64 | 1.6 | 13.00 | 122.00 | 135.00 | NOTE | |
r-patched-linux-x86_64 | 1.6 | 11.41 | 85.46 | 96.87 | OK | |
r-release-linux-x86_64 | 1.6 | 10.06 | 85.35 | 95.41 | OK | |
r-release-macos-arm64 | 1.6 | 52.00 | OK | |||
r-release-macos-x86_64 | 1.6 | 79.00 | OK | |||
r-release-windows-x86_64 | 1.6 | 14.00 | 125.00 | 139.00 | OK | |
r-oldrel-macos-arm64 | 1.6 | 62.00 | OK | |||
r-oldrel-macos-x86_64 | 1.6 | 146.00 | OK | |||
r-oldrel-windows-x86_64 | 1.6 | 15.00 | 146.00 | 161.00 | OK |
Version: 1.6
Check: Rd cross-references
Result: NOTE
Found the following Rd file(s) with Rd \link{} targets missing package
anchors:
gmm.tmvnorm.Rd: gmm
Please provide package anchors for all Rd \link{} targets not in the
package itself and the base packages.
Flavors: r-devel-linux-x86_64-debian-clang, r-devel-linux-x86_64-debian-gcc, r-devel-windows-x86_64
Version: 1.6
Check: for unstated dependencies in ‘demo’
Result: NOTE
'library' or 'require' call not declared from: ‘rgl’
Flavors: r-devel-linux-x86_64-debian-clang, r-devel-linux-x86_64-debian-gcc
Version: 1.6
Check: compiled code
Result: NOTE
File ‘tmvtnorm/libs/tmvtnorm.so’:
Found no calls to: ‘R_registerRoutines’, ‘R_useDynamicSymbols’
It is good practice to register native routines and to disable symbol
search.
See ‘Writing portable packages’ in the ‘Writing R Extensions’ manual.
Flavors: r-devel-linux-x86_64-fedora-clang, r-devel-linux-x86_64-fedora-gcc