Last updated on 2025-10-25 05:50:23 CEST.
| Flavor | Version | Tinstall | Tcheck | Ttotal | Status | Flags |
|---|---|---|---|---|---|---|
| r-devel-linux-x86_64-debian-clang | 0.1.1 | 4.10 | 91.77 | 95.87 | NOTE | |
| r-devel-linux-x86_64-debian-gcc | 0.1.1 | 3.26 | 65.79 | 69.05 | NOTE | |
| r-devel-linux-x86_64-fedora-clang | 0.1.1 | 19.00 | 145.69 | 164.69 | OK | |
| r-devel-linux-x86_64-fedora-gcc | 0.1.1 | 175.06 | OK | |||
| r-devel-windows-x86_64 | 0.1.1 | 5.00 | 167.00 | 172.00 | OK | |
| r-patched-linux-x86_64 | 0.1.1 | 4.17 | 90.20 | 94.37 | OK | |
| r-release-linux-x86_64 | 0.1.1 | 3.66 | 90.51 | 94.17 | OK | |
| r-release-macos-arm64 | 0.1.1 | 3.00 | 79.00 | 82.00 | OK | |
| r-release-macos-x86_64 | 0.1.1 | 5.00 | 125.00 | 130.00 | OK | |
| r-release-windows-x86_64 | 0.1.1 | 5.00 | 172.00 | 177.00 | OK | |
| r-oldrel-macos-arm64 | 0.1.1 | 2.00 | 74.00 | 76.00 | OK | |
| r-oldrel-macos-x86_64 | 0.1.1 | 4.00 | 94.00 | 98.00 | OK | |
| r-oldrel-windows-x86_64 | 0.1.1 | 8.00 | 179.00 | 187.00 | OK |
Version: 0.1.1
Check: CRAN incoming feasibility
Result: NOTE
Maintainer: ‘Doug Friedman <doug.nhp@gmail.com>’
The Description field contains
<arXiv:1206.4631v1>.
Please refer to arXiv e-prints via their arXiv DOI <doi:10.48550/arXiv.YYMM.NNNNN>.
Flavors: r-devel-linux-x86_64-debian-clang, r-devel-linux-x86_64-debian-gcc