Last updated on 2024-08-25 05:49:37 CEST.
Flavor | Version | Tinstall | Tcheck | Ttotal | Status | Flags |
---|---|---|---|---|---|---|
r-devel-linux-x86_64-debian-clang | 0.13.0 | 709.85 | 282.08 | 991.93 | NOTE | |
r-devel-linux-x86_64-debian-gcc | 0.13.0 | 592.37 | 191.38 | 783.75 | NOTE | |
r-devel-linux-x86_64-fedora-clang | 0.13.0 | 1536.97 | NOTE | |||
r-devel-linux-x86_64-fedora-gcc | 0.13.0 | 2140.82 | NOTE | |||
r-devel-windows-x86_64 | 0.13.0 | 763.00 | 583.00 | 1346.00 | NOTE | |
r-patched-linux-x86_64 | 0.13.0 | 826.91 | 266.13 | 1093.04 | OK | |
r-release-linux-x86_64 | 0.13.0 | 833.23 | 264.59 | 1097.82 | OK | |
r-release-macos-arm64 | 0.13.0 | 470.00 | NOTE | |||
r-release-macos-x86_64 | 0.13.0 | 574.00 | NOTE | |||
r-release-windows-x86_64 | 0.13.0 | 788.00 | 576.00 | 1364.00 | NOTE | |
r-oldrel-macos-arm64 | 0.13.0 | 460.00 | NOTE | |||
r-oldrel-macos-x86_64 | 0.13.0 | 901.00 | NOTE | |||
r-oldrel-windows-x86_64 | 0.13.0 | 949.00 | 744.00 | 1693.00 | NOTE |
Version: 0.13.0
Check: Rd cross-references
Result: NOTE
Found the following Rd file(s) with Rd \link{} targets missing package
anchors:
linalg_matrix_norm.Rd: int
linalg_norm.Rd: int
linalg_tensorsolve.Rd: int
linalg_vector_norm.Rd: int
Please provide package anchors for all Rd \link{} targets not in the
package itself and the base packages.
Flavors: r-devel-linux-x86_64-debian-clang, r-devel-linux-x86_64-debian-gcc, r-devel-windows-x86_64
Version: 0.13.0
Check: compiled code
Result: NOTE
File ‘torch/libs/torch.so’:
Found non-API calls to R: ‘PRCODE’, ‘PRENV’, ‘Rf_findVarInFrame3’
File ‘torch/libs/torchpkg.so’:
Found non-API calls to R: ‘PRCODE’, ‘PRENV’, ‘Rf_findVarInFrame3’
Compiled code should not call non-API entry points in R.
See ‘Writing portable packages’ in the ‘Writing R Extensions’ manual,
and section ‘Moving into C API compliance’ for issues with the use of
non-API entry points.
Flavors: r-devel-linux-x86_64-debian-clang, r-devel-linux-x86_64-debian-gcc, r-devel-linux-x86_64-fedora-clang, r-devel-linux-x86_64-fedora-gcc
Version: 0.13.0
Check: installed package size
Result: NOTE
installed size is 36.0Mb
sub-directories of 1Mb or more:
R 5.6Mb
help 1.7Mb
include 1.8Mb
libs 26.3Mb
Flavors: r-devel-linux-x86_64-fedora-clang, r-devel-windows-x86_64, r-release-macos-arm64, r-release-macos-x86_64, r-release-windows-x86_64, r-oldrel-macos-arm64, r-oldrel-macos-x86_64, r-oldrel-windows-x86_64
Version: 0.13.0
Check: compiled code
Result: NOTE
File 'torch/libs/x64/torch.dll':
Found non-API calls to R: 'PRCODE', 'PRENV', 'Rf_findVarInFrame3'
File 'torch/libs/x64/torchpkg.dll':
Found non-API calls to R: 'PRCODE', 'PRENV', 'Rf_findVarInFrame3'
Compiled code should not call non-API entry points in R.
See 'Writing portable packages' in the 'Writing R Extensions' manual,
and section 'Moving into C API compliance' for issues with the use of
non-API entry points.
Flavor: r-devel-windows-x86_64