CRAN Package Check Results for Package tpfp

Last updated on 2025-02-21 04:52:09 CET.

Flavor Version Tinstall Tcheck Ttotal Status Flags
r-devel-linux-x86_64-debian-clang 0.0.1 1.97 26.05 28.02 OK
r-devel-linux-x86_64-debian-gcc 0.0.1 1.57 20.61 22.18 OK
r-devel-linux-x86_64-fedora-clang 0.0.1 49.73 NOTE
r-devel-linux-x86_64-fedora-gcc 0.0.1 57.75 NOTE
r-devel-macos-arm64 0.0.1 26.00 OK
r-devel-macos-x86_64 0.0.1 49.00 OK
r-devel-windows-x86_64 0.0.1 5.00 58.00 63.00 OK
r-patched-linux-x86_64 0.0.1 2.21 24.91 27.12 OK
r-release-linux-x86_64 0.0.1 2.03 24.96 26.99 OK
r-release-macos-arm64 0.0.1 25.00 OK
r-release-macos-x86_64 0.0.1 36.00 OK
r-release-windows-x86_64 0.0.1 4.00 52.00 56.00 OK
r-oldrel-macos-arm64 0.0.1 25.00 OK
r-oldrel-macos-x86_64 0.0.1 32.00 OK
r-oldrel-windows-x86_64 0.0.1 4.00 51.00 55.00 OK

Check Details

Version: 0.0.1
Check: dependencies in R code
Result: NOTE Namespace in Imports field not imported from: ‘knitr’ All declared Imports should be used. Flavors: r-devel-linux-x86_64-fedora-clang, r-devel-linux-x86_64-fedora-gcc