CRAN Package Check Results for Package tpfp

Last updated on 2025-11-16 04:48:58 CET.

Flavor Version Tinstall Tcheck Ttotal Status Flags
r-devel-linux-x86_64-debian-clang 0.0.1 1.80 28.81 30.61 OK
r-devel-linux-x86_64-debian-gcc 0.0.1 1.62 23.72 25.34 OK
r-devel-linux-x86_64-fedora-clang 0.0.1 46.82 NOTE
r-devel-linux-x86_64-fedora-gcc 0.0.1 59.60 NOTE
r-devel-windows-x86_64 0.0.1 6.00 52.00 58.00 OK
r-patched-linux-x86_64 0.0.1 2.25 27.42 29.67 OK
r-release-linux-x86_64 0.0.1 1.97 27.78 29.75 OK
r-release-macos-arm64 0.0.1 1.00 27.00 28.00 OK
r-release-macos-x86_64 0.0.1 2.00 42.00 44.00 OK
r-release-windows-x86_64 0.0.1 5.00 51.00 56.00 OK
r-oldrel-macos-arm64 0.0.1 1.00 24.00 25.00 OK
r-oldrel-macos-x86_64 0.0.1 2.00 34.00 36.00 OK
r-oldrel-windows-x86_64 0.0.1 4.00 56.00 60.00 OK

Check Details

Version: 0.0.1
Check: dependencies in R code
Result: NOTE Namespace in Imports field not imported from: ‘knitr’ All declared Imports should be used. Flavors: r-devel-linux-x86_64-fedora-clang, r-devel-linux-x86_64-fedora-gcc