Last updated on 2025-11-16 04:48:58 CET.
| Flavor | Version | Tinstall | Tcheck | Ttotal | Status | Flags |
|---|---|---|---|---|---|---|
| r-devel-linux-x86_64-debian-clang | 6.0.0 | 4.17 | 39.75 | 43.92 | OK | |
| r-devel-linux-x86_64-debian-gcc | 6.0.0 | 2.69 | 30.44 | 33.13 | NOTE | |
| r-devel-linux-x86_64-fedora-clang | 6.0.0 | 68.19 | OK | |||
| r-devel-linux-x86_64-fedora-gcc | 6.0.0 | 77.36 | OK | |||
| r-devel-windows-x86_64 | 6.0.0 | 6.00 | 58.00 | 64.00 | OK | |
| r-patched-linux-x86_64 | 6.0.0 | 3.74 | 37.48 | 41.22 | OK | |
| r-release-linux-x86_64 | 6.0.0 | 3.00 | 37.20 | 40.20 | OK | |
| r-release-macos-arm64 | 6.0.0 | 2.00 | 29.00 | 31.00 | OK | |
| r-release-macos-x86_64 | 6.0.0 | 4.00 | 55.00 | 59.00 | OK | |
| r-release-windows-x86_64 | 6.0.0 | 6.00 | 57.00 | 63.00 | OK | |
| r-oldrel-macos-arm64 | 6.0.0 | 2.00 | 34.00 | 36.00 | OK | |
| r-oldrel-macos-x86_64 | 6.0.0 | 3.00 | 59.00 | 62.00 | OK | |
| r-oldrel-windows-x86_64 | 6.0.0 | 7.00 | 66.00 | 73.00 | OK |
Version: 6.0.0
Check: CRAN incoming feasibility
Result: NOTE
Maintainer: ‘Mauricio Vargas <m.vargas.sepulveda@gmail.com>’
The BugReports field in DESCRIPTION has
https://github.com/ropensci/tradestatistics/issues/
which should likely be
https://github.com/ropensci/tradestatistics/issues/issues
instead.
Flavor: r-devel-linux-x86_64-debian-gcc