Last updated on 2025-11-16 04:48:58 CET.
| Flavor | Version | Tinstall | Tcheck | Ttotal | Status | Flags |
|---|---|---|---|---|---|---|
| r-devel-linux-x86_64-debian-clang | 0.0.1 | 2.29 | 23.47 | 25.76 | OK | |
| r-devel-linux-x86_64-debian-gcc | 0.0.1 | 1.46 | 19.51 | 20.97 | NOTE | |
| r-devel-linux-x86_64-fedora-clang | 0.0.1 | 37.04 | OK | |||
| r-devel-linux-x86_64-fedora-gcc | 0.0.1 | 34.81 | OK | |||
| r-devel-windows-x86_64 | 0.0.1 | 8.00 | 43.00 | 51.00 | OK | |
| r-patched-linux-x86_64 | 0.0.1 | 2.50 | 21.40 | 23.90 | OK | |
| r-release-linux-x86_64 | 0.0.1 | 2.27 | 21.16 | 23.43 | OK | |
| r-release-macos-arm64 | 0.0.1 | 1.00 | 16.00 | 17.00 | OK | |
| r-release-macos-x86_64 | 0.0.1 | 2.00 | 26.00 | 28.00 | OK | |
| r-release-windows-x86_64 | 0.0.1 | 5.00 | 42.00 | 47.00 | OK | |
| r-oldrel-macos-arm64 | 0.0.1 | 1.00 | 16.00 | 17.00 | OK | |
| r-oldrel-macos-x86_64 | 0.0.1 | 2.00 | 21.00 | 23.00 | OK | |
| r-oldrel-windows-x86_64 | 0.0.1 | 6.00 | 48.00 | 54.00 | OK |
Version: 0.0.1
Check: CRAN incoming feasibility
Result: NOTE
Maintainer: ‘Roberto Villegas-Diaz <villegas.roberto@hotmail.com>’
The BugReports field in DESCRIPTION has
https://github.com/villegar/trainR/issues/
which should likely be
https://github.com/villegar/trainR/issues/issues
instead.
Flavor: r-devel-linux-x86_64-debian-gcc