Last updated on 2024-08-25 05:49:37 CEST.
Flavor | Version | Tinstall | Tcheck | Ttotal | Status | Flags |
---|---|---|---|---|---|---|
r-devel-linux-x86_64-debian-clang | 0.15-2 | 62.32 | 63.69 | 126.01 | NOTE | |
r-devel-linux-x86_64-debian-gcc | 0.15-2 | 46.55 | 45.45 | 92.00 | NOTE | |
r-devel-linux-x86_64-fedora-clang | 0.15-2 | 269.38 | NOTE | |||
r-devel-linux-x86_64-fedora-gcc | 0.15-2 | 245.57 | NOTE | |||
r-devel-windows-x86_64 | 0.15-2 | 78.00 | 117.00 | 195.00 | OK | |
r-patched-linux-x86_64 | 0.15-2 | 67.26 | 62.71 | 129.97 | NOTE | |
r-release-linux-x86_64 | 0.15-2 | 66.56 | 62.63 | 129.19 | NOTE | |
r-release-macos-arm64 | 0.15-2 | 63.00 | NOTE | |||
r-release-macos-x86_64 | 0.15-2 | 80.00 | NOTE | |||
r-release-windows-x86_64 | 0.15-2 | 80.00 | 110.00 | 190.00 | OK | |
r-oldrel-macos-arm64 | 0.15-2 | 61.00 | NOTE | |||
r-oldrel-macos-x86_64 | 0.15-2 | 170.00 | NOTE | |||
r-oldrel-windows-x86_64 | 0.15-2 | 91.00 | 130.00 | 221.00 | OK |
Version: 0.15-2
Check: package dependencies
Result: NOTE
Package suggested but not available for checking: ‘WSGeometry’
Flavors: r-devel-linux-x86_64-debian-clang, r-devel-linux-x86_64-debian-gcc, r-devel-linux-x86_64-fedora-clang, r-devel-linux-x86_64-fedora-gcc, r-patched-linux-x86_64, r-release-linux-x86_64
Version: 0.15-2
Check: installed package size
Result: NOTE
installed size is 8.7Mb
sub-directories of 1Mb or more:
libs 8.1Mb
Flavors: r-release-macos-arm64, r-release-macos-x86_64, r-oldrel-macos-arm64, r-oldrel-macos-x86_64