Last updated on 2025-11-16 04:48:58 CET.
| Flavor | Version | Tinstall | Tcheck | Ttotal | Status | Flags |
|---|---|---|---|---|---|---|
| r-devel-linux-x86_64-debian-clang | 0.0.5 | 28.30 | 301.43 | 329.73 | OK | |
| r-devel-linux-x86_64-debian-gcc | 0.0.5 | 20.76 | 212.81 | 233.57 | OK | |
| r-devel-linux-x86_64-fedora-clang | 0.0.5 | 56.00 | 425.93 | 481.93 | OK | |
| r-devel-linux-x86_64-fedora-gcc | 0.0.5 | 59.00 | 468.31 | 527.31 | OK | |
| r-devel-windows-x86_64 | 0.0.5 | 9.00 | 5.00 | 14.00 | ERROR | |
| r-patched-linux-x86_64 | 0.0.5 | 24.33 | 283.04 | 307.37 | OK | |
| r-release-linux-x86_64 | 0.0.5 | 23.99 | 282.29 | 306.28 | OK | |
| r-release-macos-arm64 | 0.0.5 | 11.00 | 113.00 | 124.00 | OK | |
| r-release-macos-x86_64 | 0.0.5 | 21.00 | 252.00 | 273.00 | OK | |
| r-release-windows-x86_64 | 0.0.5 | 27.00 | 249.00 | 276.00 | OK | |
| r-oldrel-macos-arm64 | 0.0.5 | 11.00 | 116.00 | 127.00 | OK | |
| r-oldrel-macos-x86_64 | 0.0.5 | 18.00 | 192.00 | 210.00 | OK | |
| r-oldrel-windows-x86_64 | 0.0.5 | 37.00 | 342.00 | 379.00 | OK |
Version: 0.0.5
Check: whether package can be installed
Result: ERROR
Installation failed.
Flavor: r-devel-windows-x86_64