Last updated on 2025-11-16 04:48:58 CET.
| Flavor | Version | Tinstall | Tcheck | Ttotal | Status | Flags |
|---|---|---|---|---|---|---|
| r-devel-linux-x86_64-debian-clang | 2.5.6 | 4.87 | 74.11 | 78.98 | OK | |
| r-devel-linux-x86_64-debian-gcc | 2.5.6 | 3.90 | 57.47 | 61.37 | NOTE | |
| r-devel-linux-x86_64-fedora-clang | 2.5.6 | 14.00 | 110.47 | 124.47 | OK | |
| r-devel-linux-x86_64-fedora-gcc | 2.5.6 | 14.00 | 119.84 | 133.84 | OK | |
| r-devel-windows-x86_64 | 2.5.6 | 11.00 | 81.00 | 92.00 | OK | |
| r-patched-linux-x86_64 | 2.5.6 | 5.05 | 68.17 | 73.22 | OK | |
| r-release-linux-x86_64 | 2.5.6 | 5.87 | 75.56 | 81.43 | OK | |
| r-release-macos-arm64 | 2.5.6 | 3.00 | 45.00 | 48.00 | OK | |
| r-release-macos-x86_64 | 2.5.6 | 5.00 | 62.00 | 67.00 | OK | |
| r-release-windows-x86_64 | 2.5.6 | 8.00 | 80.00 | 88.00 | OK | |
| r-oldrel-macos-arm64 | 2.5.6 | 2.00 | 33.00 | 35.00 | OK | |
| r-oldrel-macos-x86_64 | 2.5.6 | 4.00 | 50.00 | 54.00 | OK | |
| r-oldrel-windows-x86_64 | 2.5.6 | 11.00 | 101.00 | 112.00 | OK |
Version: 2.5.6
Check: CRAN incoming feasibility
Result: NOTE
Maintainer: ‘David Wilkins <david@wilkox.org>’
The BugReports field in DESCRIPTION has
https://github.com/wilkox/treemapify/issues/
which should likely be
https://github.com/wilkox/treemapify/issues/issues
instead.
Flavor: r-devel-linux-x86_64-debian-gcc