Last updated on 2025-02-22 04:51:32 CET.
Flavor | Version | Tinstall | Tcheck | Ttotal | Status | Flags |
---|---|---|---|---|---|---|
r-devel-linux-x86_64-debian-clang | 1.3.1 | 1.99 | 34.48 | 36.47 | NOTE | |
r-devel-linux-x86_64-debian-gcc | 1.3.1 | 1.64 | 25.36 | 27.00 | NOTE | |
r-devel-linux-x86_64-fedora-clang | 1.3.1 | 62.53 | NOTE | |||
r-devel-linux-x86_64-fedora-gcc | 1.3.1 | 85.60 | NOTE | |||
r-devel-macos-arm64 | 1.3.1 | 33.00 | NOTE | |||
r-devel-macos-x86_64 | 1.3.1 | 74.00 | NOTE | |||
r-devel-windows-x86_64 | 1.3.1 | 4.00 | 61.00 | 65.00 | NOTE | |
r-patched-linux-x86_64 | 1.3.1 | 2.55 | 32.71 | 35.26 | NOTE | |
r-release-linux-x86_64 | 1.3.1 | 2.03 | 31.65 | 33.68 | NOTE | |
r-release-macos-arm64 | 1.3.1 | 41.00 | NOTE | |||
r-release-macos-x86_64 | 1.3.1 | 70.00 | NOTE | |||
r-release-windows-x86_64 | 1.3.1 | 4.00 | 60.00 | 64.00 | NOTE | |
r-oldrel-macos-arm64 | 1.3.1 | 34.00 | NOTE | |||
r-oldrel-macos-x86_64 | 1.3.1 | 50.00 | NOTE | |||
r-oldrel-windows-x86_64 | 1.3.1 | 3.00 | 65.00 | 68.00 | NOTE |
Version: 1.3.1
Check: dependencies in R code
Result: NOTE
There are ::: calls to the package's namespace in its code. A package
almost never needs to use ::: for its own objects:
‘log2console’
Flavors: r-devel-linux-x86_64-debian-clang, r-devel-linux-x86_64-debian-gcc, r-devel-linux-x86_64-fedora-clang, r-devel-linux-x86_64-fedora-gcc, r-devel-macos-arm64, r-devel-macos-x86_64, r-devel-windows-x86_64, r-patched-linux-x86_64, r-release-linux-x86_64, r-release-macos-arm64, r-release-macos-x86_64, r-release-windows-x86_64, r-oldrel-macos-arm64, r-oldrel-macos-x86_64, r-oldrel-windows-x86_64