Last updated on 2025-11-16 04:48:59 CET.
| Flavor | Version | Tinstall | Tcheck | Ttotal | Status | Flags |
|---|---|---|---|---|---|---|
| r-devel-linux-x86_64-debian-clang | 1.0.0 | 33.31 | 140.46 | 173.77 | NOTE | |
| r-devel-linux-x86_64-debian-gcc | 1.0.0 | 26.13 | 101.23 | 127.36 | NOTE | |
| r-devel-linux-x86_64-fedora-clang | 1.0.0 | 85.00 | 206.34 | 291.34 | NOTE | |
| r-devel-linux-x86_64-fedora-gcc | 1.0.0 | 152.00 | 138.17 | 290.17 | NOTE | |
| r-devel-windows-x86_64 | 1.0.0 | 46.00 | 155.00 | 201.00 | NOTE | |
| r-patched-linux-x86_64 | 1.0.0 | 38.62 | 134.74 | 173.36 | NOTE | |
| r-release-linux-x86_64 | 1.0.0 | 32.73 | 136.33 | 169.06 | NOTE | |
| r-release-macos-arm64 | 1.0.0 | 14.00 | 51.00 | 65.00 | NOTE | |
| r-release-macos-x86_64 | 1.0.0 | 32.00 | 101.00 | 133.00 | NOTE | |
| r-release-windows-x86_64 | 1.0.0 | 42.00 | 154.00 | 196.00 | NOTE | |
| r-oldrel-macos-arm64 | 1.0.0 | 14.00 | 51.00 | 65.00 | NOTE | |
| r-oldrel-macos-x86_64 | 1.0.0 | 24.00 | 78.00 | 102.00 | NOTE | |
| r-oldrel-windows-x86_64 | 1.0.0 | 53.00 | 203.00 | 256.00 | NOTE |
Version: 1.0.0
Check: Rd files
Result: NOTE
checkRd: (-1) tsBSS-package.Rd:23: Lost braces in \itemize; meant \describe ?
checkRd: (-1) tsBSS-package.Rd:24: Lost braces in \itemize; meant \describe ?
checkRd: (-1) tsBSS-package.Rd:25: Lost braces in \itemize; meant \describe ?
checkRd: (-1) tsBSS-package.Rd:26: Lost braces in \itemize; meant \describe ?
checkRd: (-1) tsBSS-package.Rd:27: Lost braces in \itemize; meant \describe ?
checkRd: (-1) tsBSS-package.Rd:28: Lost braces in \itemize; meant \describe ?
checkRd: (-1) tsBSS-package.Rd:34: Lost braces in \itemize; meant \describe ?
Flavors: r-devel-linux-x86_64-debian-clang, r-devel-linux-x86_64-debian-gcc, r-devel-linux-x86_64-fedora-clang, r-devel-linux-x86_64-fedora-gcc, r-devel-windows-x86_64, r-patched-linux-x86_64, r-release-linux-x86_64, r-release-macos-arm64, r-release-macos-x86_64, r-release-windows-x86_64, r-oldrel-macos-arm64, r-oldrel-macos-x86_64, r-oldrel-windows-x86_64