CRAN Package Check Results for Package tsentiment

Last updated on 2025-11-16 04:48:59 CET.

Flavor Version Tinstall Tcheck Ttotal Status Flags
r-devel-linux-x86_64-debian-clang 1.0.5 10.47 84.04 94.51 NOTE
r-devel-linux-x86_64-debian-gcc 1.0.5 8.25 63.92 72.17 NOTE
r-devel-linux-x86_64-fedora-clang 1.0.5 29.00 120.15 149.15 OK
r-devel-linux-x86_64-fedora-gcc 1.0.5 39.00 108.69 147.69 OK
r-devel-windows-x86_64 1.0.5 14.00 87.00 101.00 OK
r-patched-linux-x86_64 1.0.5 11.02 80.52 91.54 OK
r-release-linux-x86_64 1.0.5 9.57 81.48 91.05 OK
r-release-macos-arm64 1.0.5 5.00 39.00 44.00 OK
r-release-macos-x86_64 1.0.5 9.00 62.00 71.00 OK
r-release-windows-x86_64 1.0.5 12.00 88.00 100.00 OK
r-oldrel-macos-arm64 1.0.5 4.00 33.00 37.00 OK
r-oldrel-macos-x86_64 1.0.5 7.00 48.00 55.00 OK
r-oldrel-windows-x86_64 1.0.5 16.00 114.00 130.00 OK

Check Details

Version: 1.0.5
Check: CRAN incoming feasibility
Result: NOTE Maintainer: ‘Hakki Sabah <hakkisabah@hotmail.com>’ No Authors@R field in DESCRIPTION. Please add one, modifying Authors@R: person(given = "Hakki", family = "Sabah", role = c("aut", "cre"), email = "hakkisabah@hotmail.com") as necessary. Flavors: r-devel-linux-x86_64-debian-clang, r-devel-linux-x86_64-debian-gcc