Last updated on 2024-08-25 05:49:38 CEST.
Flavor | Version | Tinstall | Tcheck | Ttotal | Status | Flags |
---|---|---|---|---|---|---|
r-devel-linux-x86_64-debian-clang | 0.4.15 | 38.02 | 100.17 | 138.19 | NOTE | |
r-devel-linux-x86_64-debian-gcc | 0.4.15 | 27.14 | 65.43 | 92.57 | NOTE | |
r-devel-linux-x86_64-fedora-clang | 0.4.15 | 244.37 | NOTE | |||
r-devel-linux-x86_64-fedora-gcc | 0.4.15 | 249.43 | NOTE | |||
r-devel-windows-x86_64 | 0.4.15 | 41.00 | 145.00 | 186.00 | NOTE | |
r-patched-linux-x86_64 | 0.4.15 | 39.08 | 93.27 | 132.35 | NOTE | |
r-release-linux-x86_64 | 0.4.15 | 37.60 | 94.25 | 131.85 | NOTE | |
r-release-macos-arm64 | 0.4.15 | 66.00 | NOTE | |||
r-release-macos-x86_64 | 0.4.15 | 104.00 | NOTE | |||
r-release-windows-x86_64 | 0.4.15 | 43.00 | 145.00 | 188.00 | NOTE | |
r-oldrel-macos-arm64 | 0.4.15 | 71.00 | NOTE | |||
r-oldrel-macos-x86_64 | 0.4.15 | 114.00 | NOTE | |||
r-oldrel-windows-x86_64 | 0.4.15 | 50.00 | 175.00 | 225.00 | NOTE |
Version: 0.4.15
Check: C++ specification
Result: NOTE
Specified C++11: please drop specification unless essential
Flavors: r-devel-linux-x86_64-debian-clang, r-devel-linux-x86_64-debian-gcc, r-devel-linux-x86_64-fedora-clang, r-devel-linux-x86_64-fedora-gcc, r-devel-windows-x86_64, r-patched-linux-x86_64, r-release-linux-x86_64, r-release-macos-arm64, r-release-macos-x86_64, r-release-windows-x86_64, r-oldrel-macos-arm64, r-oldrel-macos-x86_64, r-oldrel-windows-x86_64
Version: 0.4.15
Check: for GNU extensions in Makefiles
Result: NOTE
GNU make is a SystemRequirements.
Flavors: r-devel-linux-x86_64-debian-clang, r-devel-linux-x86_64-debian-gcc, r-devel-linux-x86_64-fedora-clang, r-devel-linux-x86_64-fedora-gcc, r-devel-windows-x86_64, r-patched-linux-x86_64, r-release-linux-x86_64, r-release-macos-arm64, r-release-macos-x86_64, r-release-windows-x86_64, r-oldrel-macos-arm64, r-oldrel-macos-x86_64, r-oldrel-windows-x86_64
Version: 0.4.15
Check: installed package size
Result: NOTE
installed size is 6.4Mb
sub-directories of 1Mb or more:
data 4.6Mb
Flavors: r-devel-linux-x86_64-fedora-clang, r-devel-windows-x86_64, r-release-macos-arm64, r-release-macos-x86_64, r-release-windows-x86_64, r-oldrel-macos-arm64, r-oldrel-macos-x86_64, r-oldrel-windows-x86_64