Last updated on 2025-11-16 04:48:59 CET.
| Flavor | Version | Tinstall | Tcheck | Ttotal | Status | Flags |
|---|---|---|---|---|---|---|
| r-devel-linux-x86_64-debian-clang | 1.0.0 | 6.33 | 54.30 | 60.63 | OK | |
| r-devel-linux-x86_64-debian-gcc | 1.0.0 | 5.03 | 41.63 | 46.66 | OK | |
| r-devel-linux-x86_64-fedora-clang | 1.0.0 | 14.00 | 78.84 | 92.84 | OK | |
| r-devel-linux-x86_64-fedora-gcc | 1.0.0 | 16.00 | 77.20 | 93.20 | OK | |
| r-devel-windows-x86_64 | 1.0.0 | 9.00 | 68.00 | 77.00 | OK | |
| r-patched-linux-x86_64 | 1.0.0 | 6.47 | 52.52 | 58.99 | OK | |
| r-release-linux-x86_64 | 1.0.0 | 6.63 | 52.36 | 58.99 | OK | |
| r-release-macos-arm64 | 1.0.0 | 4.00 | 32.00 | 36.00 | OK | |
| r-release-macos-x86_64 | 1.0.0 | 7.00 | 55.00 | 62.00 | OK | |
| r-release-windows-x86_64 | 1.0.0 | 8.00 | 68.00 | 76.00 | OK | |
| r-oldrel-macos-arm64 | 1.0.0 | 4.00 | 29.00 | 33.00 | NOTE | |
| r-oldrel-macos-x86_64 | 1.0.0 | 5.00 | 43.00 | 48.00 | NOTE | |
| r-oldrel-windows-x86_64 | 1.0.0 | 10.00 | 80.00 | 90.00 | NOTE |
Version: 1.0.0
Check: LazyData
Result: NOTE
'LazyData' is specified without a 'data' directory
Flavors: r-oldrel-macos-arm64, r-oldrel-macos-x86_64, r-oldrel-windows-x86_64