Last updated on 2024-08-25 05:49:38 CEST.
Flavor | Version | Tinstall | Tcheck | Ttotal | Status | Flags |
---|---|---|---|---|---|---|
r-devel-linux-x86_64-debian-clang | 0.0.9 | 2.27 | 25.32 | 27.59 | NOTE | |
r-devel-linux-x86_64-debian-gcc | 0.0.9 | 2.02 | 20.97 | 22.99 | NOTE | |
r-devel-linux-x86_64-fedora-clang | 0.0.9 | 44.06 | OK | |||
r-devel-linux-x86_64-fedora-gcc | 0.0.9 | 42.34 | OK | |||
r-devel-windows-x86_64 | 0.0.9 | 3.00 | 49.00 | 52.00 | NOTE | |
r-patched-linux-x86_64 | 0.0.9 | 3.79 | 24.78 | 28.57 | OK | |
r-release-linux-x86_64 | 0.0.9 | 2.16 | 24.84 | 27.00 | OK | |
r-release-macos-arm64 | 0.0.9 | 18.00 | OK | |||
r-release-macos-x86_64 | 0.0.9 | 28.00 | OK | |||
r-release-windows-x86_64 | 0.0.9 | 4.00 | 48.00 | 52.00 | OK | |
r-oldrel-macos-arm64 | 0.0.9 | 18.00 | OK | |||
r-oldrel-macos-x86_64 | 0.0.9 | 28.00 | OK | |||
r-oldrel-windows-x86_64 | 0.0.9 | 3.00 | 49.00 | 52.00 | OK |
Version: 0.0.9
Check: Rd cross-references
Result: NOTE
Found the following Rd file(s) with Rd \link{} targets missing package
anchors:
expect_equal_with_diff.Rd: tinytest
expect_equal_xl.Rd: tinytest
ttdo_boolean_and_message_tests.Rd: tinytest
Please provide package anchors for all Rd \link{} targets not in the
package itself and the base packages.
Flavors: r-devel-linux-x86_64-debian-clang, r-devel-linux-x86_64-debian-gcc, r-devel-windows-x86_64