Last updated on 2025-02-21 04:52:10 CET.
Flavor | Version | Tinstall | Tcheck | Ttotal | Status | Flags |
---|---|---|---|---|---|---|
r-devel-linux-x86_64-debian-clang | 1.2.1 | 2.61 | 30.43 | 33.04 | NOTE | |
r-devel-linux-x86_64-debian-gcc | 1.2.1 | 1.90 | 24.76 | 26.66 | NOTE | |
r-devel-linux-x86_64-fedora-clang | 1.2.1 | 58.42 | NOTE | |||
r-devel-linux-x86_64-fedora-gcc | 1.2.1 | 66.76 | NOTE | |||
r-devel-macos-arm64 | 1.2.1 | 30.00 | NOTE | |||
r-devel-macos-x86_64 | 1.2.1 | 59.00 | NOTE | |||
r-devel-windows-x86_64 | 1.2.1 | 4.00 | 53.00 | 57.00 | NOTE | |
r-patched-linux-x86_64 | 1.2.1 | 2.25 | 29.11 | 31.36 | NOTE | |
r-release-linux-x86_64 | 1.2.1 | 2.37 | 29.19 | 31.56 | NOTE | |
r-release-macos-arm64 | 1.2.1 | 29.00 | NOTE | |||
r-release-macos-x86_64 | 1.2.1 | 44.00 | NOTE | |||
r-release-windows-x86_64 | 1.2.1 | 5.00 | 51.00 | 56.00 | NOTE | |
r-oldrel-macos-arm64 | 1.2.1 | 26.00 | NOTE | |||
r-oldrel-macos-x86_64 | 1.2.1 | 39.00 | NOTE | |||
r-oldrel-windows-x86_64 | 1.2.1 | 5.00 | 54.00 | 59.00 | NOTE |
Version: 1.2.1
Check: DESCRIPTION meta-information
Result: NOTE
Malformed Description field: should contain one or more complete sentences.
Flavors: r-devel-linux-x86_64-debian-clang, r-devel-linux-x86_64-debian-gcc, r-devel-linux-x86_64-fedora-clang, r-devel-linux-x86_64-fedora-gcc, r-devel-macos-arm64, r-devel-macos-x86_64, r-devel-windows-x86_64, r-patched-linux-x86_64, r-release-linux-x86_64, r-release-macos-arm64, r-release-macos-x86_64, r-release-windows-x86_64, r-oldrel-macos-arm64, r-oldrel-macos-x86_64, r-oldrel-windows-x86_64