Last updated on 2024-08-25 05:49:38 CEST.
Flavor | Version | Tinstall | Tcheck | Ttotal | Status | Flags |
---|---|---|---|---|---|---|
r-devel-linux-x86_64-debian-clang | 2.0.3 | 17.91 | 134.71 | 152.62 | OK | |
r-devel-linux-x86_64-debian-gcc | 2.0.3 | 10.86 | 96.76 | 107.62 | OK | |
r-devel-linux-x86_64-fedora-clang | 2.0.3 | 257.19 | NOTE | |||
r-devel-linux-x86_64-fedora-gcc | 2.0.3 | 234.39 | OK | |||
r-devel-windows-x86_64 | 2.0.3 | 21.00 | 164.00 | 185.00 | NOTE | |
r-patched-linux-x86_64 | 2.0.3 | 20.35 | 129.21 | 149.56 | OK | |
r-release-linux-x86_64 | 2.0.3 | 18.97 | 128.27 | 147.24 | OK | |
r-release-macos-arm64 | 2.0.3 | 83.00 | NOTE | |||
r-release-macos-x86_64 | 2.0.3 | 135.00 | NOTE | |||
r-release-windows-x86_64 | 2.0.3 | 21.00 | 160.00 | 181.00 | NOTE | |
r-oldrel-macos-arm64 | 2.0.3 | 85.00 | NOTE | |||
r-oldrel-macos-x86_64 | 2.0.3 | 227.00 | NOTE | |||
r-oldrel-windows-x86_64 | 2.0.3 | 25.00 | 197.00 | 222.00 | NOTE |
Version: 2.0.3
Check: package dependencies
Result: NOTE
Imports includes 21 non-default packages.
Importing from so many packages makes the package vulnerable to any of
them becoming unavailable. Move as many as possible to Suggests and
use conditionally.
Flavor: r-devel-linux-x86_64-fedora-clang
Version: 2.0.3
Check: installed package size
Result: NOTE
installed size is 7.3Mb
sub-directories of 1Mb or more:
doc 4.5Mb
ubinc 2.0Mb
Flavors: r-devel-linux-x86_64-fedora-clang, r-devel-windows-x86_64, r-release-macos-arm64, r-release-macos-x86_64, r-release-windows-x86_64, r-oldrel-macos-arm64, r-oldrel-macos-x86_64, r-oldrel-windows-x86_64