Last updated on 2024-08-25 05:49:38 CEST.
Flavor | Version | Tinstall | Tcheck | Ttotal | Status | Flags |
---|---|---|---|---|---|---|
r-devel-linux-x86_64-debian-clang | 0.2.2 | 3.75 | 37.99 | 41.74 | NOTE | |
r-devel-linux-x86_64-debian-gcc | 0.2.2 | 2.80 | 28.62 | 31.42 | NOTE | |
r-devel-linux-x86_64-fedora-clang | 0.2.2 | 68.34 | NOTE | |||
r-devel-linux-x86_64-fedora-gcc | 0.2.2 | 79.39 | NOTE | |||
r-devel-windows-x86_64 | 0.2.2 | 6.00 | 61.00 | 67.00 | NOTE | |
r-patched-linux-x86_64 | 0.2.2 | 3.76 | 36.54 | 40.30 | NOTE | |
r-release-linux-x86_64 | 0.2.2 | 3.37 | 36.90 | 40.27 | NOTE | |
r-release-macos-arm64 | 0.2.2 | 32.00 | NOTE | |||
r-release-macos-x86_64 | 0.2.2 | 49.00 | NOTE | |||
r-release-windows-x86_64 | 0.2.2 | 6.00 | 61.00 | 67.00 | NOTE | |
r-oldrel-macos-arm64 | 0.2.2 | 31.00 | NOTE | |||
r-oldrel-macos-x86_64 | 0.2.2 | 43.00 | NOTE | |||
r-oldrel-windows-x86_64 | 0.2.2 | 7.00 | 68.00 | 75.00 | NOTE |
Version: 0.2.2
Check: LazyData
Result: NOTE
'LazyData' is specified without a 'data' directory
Flavors: r-devel-linux-x86_64-debian-clang, r-devel-linux-x86_64-debian-gcc, r-devel-linux-x86_64-fedora-clang, r-devel-linux-x86_64-fedora-gcc, r-devel-windows-x86_64, r-patched-linux-x86_64, r-release-linux-x86_64, r-release-macos-arm64, r-release-macos-x86_64, r-release-windows-x86_64, r-oldrel-macos-arm64, r-oldrel-macos-x86_64, r-oldrel-windows-x86_64