Last updated on 2025-10-25 05:50:24 CEST.
| Flavor | Version | Tinstall | Tcheck | Ttotal | Status | Flags |
|---|---|---|---|---|---|---|
| r-devel-linux-x86_64-debian-clang | 0.2.2 | 3.81 | 42.47 | 46.28 | OK | |
| r-devel-linux-x86_64-debian-gcc | 0.2.2 | 2.86 | 32.13 | 34.99 | OK | |
| r-devel-linux-x86_64-fedora-clang | 0.2.2 | 18.00 | 53.10 | 71.10 | OK | |
| r-devel-linux-x86_64-fedora-gcc | 0.2.2 | 15.00 | 66.15 | 81.15 | OK | |
| r-devel-windows-x86_64 | 0.2.2 | 6.00 | 66.00 | 72.00 | OK | |
| r-patched-linux-x86_64 | 0.2.2 | 3.85 | 38.23 | 42.08 | OK | |
| r-release-linux-x86_64 | 0.2.2 | 3.75 | 38.42 | 42.17 | OK | |
| r-release-macos-arm64 | 0.2.2 | 3.00 | 54.00 | 57.00 | OK | |
| r-release-macos-x86_64 | 0.2.2 | 3.00 | 46.00 | 49.00 | OK | |
| r-release-windows-x86_64 | 0.2.2 | 6.00 | 61.00 | 67.00 | OK | |
| r-oldrel-macos-arm64 | 0.2.2 | 2.00 | 30.00 | 32.00 | NOTE | |
| r-oldrel-macos-x86_64 | 0.2.2 | 3.00 | 46.00 | 49.00 | NOTE | |
| r-oldrel-windows-x86_64 | 0.2.2 | 6.00 | 69.00 | 75.00 | NOTE |
Version: 0.2.2
Check: LazyData
Result: NOTE
'LazyData' is specified without a 'data' directory
Flavors: r-oldrel-macos-arm64, r-oldrel-macos-x86_64, r-oldrel-windows-x86_64