Last updated on 2025-11-16 04:48:59 CET.
| Flavor | Version | Tinstall | Tcheck | Ttotal | Status | Flags |
|---|---|---|---|---|---|---|
| r-devel-linux-x86_64-debian-clang | 0.2.10.0 | 20.42 | 101.85 | 122.27 | NOTE | |
| r-devel-linux-x86_64-debian-gcc | 0.2.10.0 | 15.64 | 74.23 | 89.87 | NOTE | |
| r-devel-linux-x86_64-fedora-clang | 0.2.10.0 | 35.00 | 164.93 | 199.93 | OK | |
| r-devel-linux-x86_64-fedora-gcc | 0.2.10.0 | 45.00 | 163.97 | 208.97 | OK | |
| r-devel-windows-x86_64 | 0.2.10.0 | 31.00 | 143.00 | 174.00 | OK | |
| r-patched-linux-x86_64 | 0.2.10.0 | 21.49 | 97.15 | 118.64 | OK | |
| r-release-linux-x86_64 | 0.2.10.0 | 22.77 | 97.08 | 119.85 | OK | |
| r-release-macos-arm64 | 0.2.10.0 | 10.00 | 55.00 | 65.00 | OK | |
| r-release-macos-x86_64 | 0.2.10.0 | 17.00 | 103.00 | 120.00 | OK | |
| r-release-windows-x86_64 | 0.2.10.0 | 51.00 | 146.00 | 197.00 | OK | |
| r-oldrel-macos-arm64 | 0.2.10.0 | 10.00 | 53.00 | 63.00 | OK | |
| r-oldrel-macos-x86_64 | 0.2.10.0 | 13.00 | 78.00 | 91.00 | OK | |
| r-oldrel-windows-x86_64 | 0.2.10.0 | 34.00 | 164.00 | 198.00 | OK |
Version: 0.2.10.0
Check: CRAN incoming feasibility
Result: NOTE
Maintainer: ‘Tomasz Konopka <tokonopka@gmail.com>’
The Description field contains
(2018) in <arXiv:1802.03426>. This package provides an interface for
Please refer to arXiv e-prints via their arXiv DOI <doi:10.48550/arXiv.YYMM.NNNNN>.
Flavors: r-devel-linux-x86_64-debian-clang, r-devel-linux-x86_64-debian-gcc