Last updated on 2024-08-25 05:49:38 CEST.
Flavor | Version | Tinstall | Tcheck | Ttotal | Status | Flags |
---|---|---|---|---|---|---|
r-devel-linux-x86_64-debian-clang | 0.1.2 | 71.71 | 34.40 | 106.11 | NOTE | |
r-devel-linux-x86_64-debian-gcc | 0.1.2 | 58.44 | 26.91 | 85.35 | NOTE | |
r-devel-linux-x86_64-fedora-clang | 0.1.2 | 205.21 | NOTE | |||
r-devel-linux-x86_64-fedora-gcc | 0.1.2 | 241.89 | NOTE | |||
r-devel-windows-x86_64 | 0.1.2 | 103.00 | 125.00 | 228.00 | NOTE | |
r-patched-linux-x86_64 | 0.1.2 | 76.24 | 33.32 | 109.56 | NOTE | |
r-release-linux-x86_64 | 0.1.2 | 78.61 | 33.31 | 111.92 | NOTE | |
r-release-macos-arm64 | 0.1.2 | 64.00 | NOTE | |||
r-release-macos-x86_64 | 0.1.2 | 112.00 | NOTE | |||
r-release-windows-x86_64 | 0.1.2 | 105.00 | 123.00 | 228.00 | NOTE | |
r-oldrel-macos-arm64 | 0.1.2 | 79.00 | NOTE | |||
r-oldrel-macos-x86_64 | 0.1.2 | 99.00 | NOTE | |||
r-oldrel-windows-x86_64 | 0.1.2 | 122.00 | 150.00 | 272.00 | NOTE |
Version: 0.1.2
Check: C++ specification
Result: NOTE
Specified C++14: please drop specification unless essential
Flavors: r-devel-linux-x86_64-debian-clang, r-devel-linux-x86_64-debian-gcc, r-devel-linux-x86_64-fedora-clang, r-devel-linux-x86_64-fedora-gcc, r-devel-windows-x86_64, r-patched-linux-x86_64, r-release-linux-x86_64, r-release-macos-arm64, r-release-macos-x86_64, r-release-windows-x86_64, r-oldrel-macos-arm64, r-oldrel-macos-x86_64, r-oldrel-windows-x86_64
Version: 0.1.2
Check: compiled code
Result: NOTE
File ‘unigd/libs/unigd.so’:
Found non-API calls to R: ‘SETLENGTH’, ‘SET_GROWABLE_BIT’,
‘SET_TRUELENGTH’
Compiled code should not call non-API entry points in R.
See ‘Writing portable packages’ in the ‘Writing R Extensions’ manual,
and section ‘Moving into C API compliance’ for issues with the use of
non-API entry points.
Flavors: r-devel-linux-x86_64-debian-clang, r-devel-linux-x86_64-debian-gcc, r-devel-linux-x86_64-fedora-clang, r-devel-linux-x86_64-fedora-gcc
Version: 0.1.2
Check: installed package size
Result: NOTE
installed size is 11.0Mb
sub-directories of 1Mb or more:
libs 9.8Mb
Flavors: r-devel-windows-x86_64, r-release-macos-arm64, r-release-macos-x86_64, r-release-windows-x86_64, r-oldrel-macos-arm64, r-oldrel-macos-x86_64, r-oldrel-windows-x86_64
Version: 0.1.2
Check: compiled code
Result: NOTE
File 'unigd/libs/x64/unigd.dll':
Found non-API calls to R: 'SETLENGTH', 'SET_GROWABLE_BIT',
'SET_TRUELENGTH'
Compiled code should not call non-API entry points in R.
See 'Writing portable packages' in the 'Writing R Extensions' manual,
and section 'Moving into C API compliance' for issues with the use of
non-API entry points.
Flavor: r-devel-windows-x86_64