Last updated on 2025-02-22 04:51:32 CET.
Flavor | Version | Tinstall | Tcheck | Ttotal | Status | Flags |
---|---|---|---|---|---|---|
r-devel-linux-x86_64-debian-clang | 1.0.0 | 3.05 | 26.61 | 29.66 | NOTE | |
r-devel-linux-x86_64-debian-gcc | 1.0.0 | 2.10 | 20.27 | 22.37 | NOTE | |
r-devel-linux-x86_64-fedora-clang | 1.0.0 | 49.29 | NOTE | |||
r-devel-linux-x86_64-fedora-gcc | 1.0.0 | 44.66 | NOTE | |||
r-devel-macos-arm64 | 1.0.0 | 18.00 | NOTE | |||
r-devel-macos-x86_64 | 1.0.0 | 30.00 | NOTE | |||
r-devel-windows-x86_64 | 1.0.0 | 3.00 | 46.00 | 49.00 | NOTE | |
r-patched-linux-x86_64 | 1.0.0 | 2.92 | 25.22 | 28.14 | NOTE | |
r-release-linux-x86_64 | 1.0.0 | 2.77 | 25.42 | 28.19 | NOTE | |
r-release-macos-arm64 | 1.0.0 | 18.00 | NOTE | |||
r-release-macos-x86_64 | 1.0.0 | 25.00 | NOTE | |||
r-release-windows-x86_64 | 1.0.0 | 3.00 | 52.00 | 55.00 | NOTE | |
r-oldrel-macos-arm64 | 1.0.0 | 19.00 | NOTE | |||
r-oldrel-macos-x86_64 | 1.0.0 | 26.00 | NOTE | |||
r-oldrel-windows-x86_64 | 1.0.0 | 4.00 | 49.00 | 53.00 | NOTE |
Version: 1.0.0
Check: DESCRIPTION meta-information
Result: NOTE
Malformed Title field: should not end in a period.
Flavors: r-devel-linux-x86_64-debian-clang, r-devel-linux-x86_64-debian-gcc, r-devel-linux-x86_64-fedora-clang, r-devel-linux-x86_64-fedora-gcc, r-devel-macos-arm64, r-devel-macos-x86_64, r-devel-windows-x86_64, r-patched-linux-x86_64, r-release-linux-x86_64, r-release-macos-arm64, r-release-macos-x86_64, r-release-windows-x86_64, r-oldrel-macos-arm64, r-oldrel-macos-x86_64, r-oldrel-windows-x86_64