Last updated on 2025-02-21 04:52:10 CET.
Flavor | Version | Tinstall | Tcheck | Ttotal | Status | Flags |
---|---|---|---|---|---|---|
r-devel-linux-x86_64-debian-clang | 1.0.5 | 1.70 | 17.40 | 19.10 | OK | |
r-devel-linux-x86_64-debian-gcc | 1.0.5 | 1.31 | 14.36 | 15.67 | OK | |
r-devel-linux-x86_64-fedora-clang | 1.0.5 | 35.06 | OK | |||
r-devel-linux-x86_64-fedora-gcc | 1.0.5 | 31.25 | OK | |||
r-devel-macos-arm64 | 1.0.5 | 15.00 | OK | |||
r-devel-macos-x86_64 | 1.0.5 | 24.00 | OK | |||
r-devel-windows-x86_64 | 1.0.5 | 3.00 | 46.00 | 49.00 | OK | |
r-patched-linux-x86_64 | 1.0.5 | 1.45 | 17.00 | 18.45 | NOTE | |
r-release-linux-x86_64 | 1.0.5 | 1.70 | 16.86 | 18.56 | NOTE | |
r-release-macos-arm64 | 1.0.5 | 15.00 | NOTE | |||
r-release-macos-x86_64 | 1.0.5 | 21.00 | NOTE | |||
r-release-windows-x86_64 | 1.0.5 | 4.00 | 45.00 | 49.00 | NOTE | |
r-oldrel-macos-arm64 | 1.0.5 | 18.00 | NOTE | |||
r-oldrel-macos-x86_64 | 1.0.5 | 20.00 | NOTE | |||
r-oldrel-windows-x86_64 | 1.0.5 | 3.00 | 65.00 | 68.00 | NOTE |
Version: 1.0.5
Check: package dependencies
Result: NOTE
Packages suggested but not available for checking: 'vaers', 'vaersND'
Flavors: r-patched-linux-x86_64, r-release-linux-x86_64, r-release-macos-arm64, r-release-macos-x86_64, r-release-windows-x86_64, r-oldrel-macos-arm64, r-oldrel-macos-x86_64, r-oldrel-windows-x86_64