Last updated on 2025-02-22 04:51:32 CET.
Flavor | Version | Tinstall | Tcheck | Ttotal | Status | Flags |
---|---|---|---|---|---|---|
r-devel-linux-x86_64-debian-clang | 1.2.1 | 2.75 | 32.25 | 35.00 | NOTE | |
r-devel-linux-x86_64-debian-gcc | 1.2.1 | 2.22 | 22.36 | 24.58 | NOTE | |
r-devel-linux-x86_64-fedora-clang | 1.2.1 | 61.47 | NOTE | |||
r-devel-linux-x86_64-fedora-gcc | 1.2.1 | 53.70 | NOTE | |||
r-devel-macos-arm64 | 1.2.1 | 19.00 | OK | |||
r-devel-macos-x86_64 | 1.2.1 | 36.00 | OK | |||
r-devel-windows-x86_64 | 1.2.1 | 5.00 | 52.00 | 57.00 | OK | |
r-patched-linux-x86_64 | 1.2.1 | 2.44 | 30.44 | 32.88 | NOTE | |
r-release-linux-x86_64 | 1.2.1 | 2.83 | 30.53 | 33.36 | NOTE | |
r-release-macos-arm64 | 1.2.1 | 18.00 | OK | |||
r-release-macos-x86_64 | 1.2.1 | 28.00 | OK | |||
r-release-windows-x86_64 | 1.2.1 | 4.00 | 52.00 | 56.00 | OK | |
r-oldrel-macos-arm64 | 1.2.1 | 20.00 | OK | |||
r-oldrel-macos-x86_64 | 1.2.1 | 31.00 | OK | |||
r-oldrel-windows-x86_64 | 1.2.1 | 4.00 | 60.00 | 64.00 | OK |
Version: 1.2.1
Check: for non-standard things in the check directory
Result: NOTE
Found the following files/directories:
‘PredValidationPlots.pdf’ ‘RepStructValidationPlots.pdf’
Flavors: r-devel-linux-x86_64-debian-clang, r-devel-linux-x86_64-debian-gcc, r-devel-linux-x86_64-fedora-clang, r-devel-linux-x86_64-fedora-gcc, r-patched-linux-x86_64, r-release-linux-x86_64