Last updated on 2024-08-25 05:49:38 CEST.
Flavor | Version | Tinstall | Tcheck | Ttotal | Status | Flags |
---|---|---|---|---|---|---|
r-devel-linux-x86_64-debian-clang | 0.8.1 | 126.20 | 415.94 | 542.14 | NOTE | |
r-devel-linux-x86_64-debian-gcc | 0.8.1 | 101.83 | 309.35 | 411.18 | NOTE | |
r-devel-linux-x86_64-fedora-clang | 0.8.1 | 915.76 | OK | |||
r-devel-linux-x86_64-fedora-gcc | 0.8.1 | 976.96 | OK | |||
r-devel-windows-x86_64 | 0.8.1 | 138.00 | 415.00 | 553.00 | NOTE | |
r-patched-linux-x86_64 | 0.8.1 | 147.50 | 384.23 | 531.73 | OK | |
r-release-linux-x86_64 | 0.8.1 | 142.04 | 391.43 | 533.47 | OK | |
r-release-macos-arm64 | 0.8.1 | 237.00 | NOTE | |||
r-release-macos-x86_64 | 0.8.1 | 339.00 | NOTE | |||
r-release-windows-x86_64 | 0.8.1 | 139.00 | 405.00 | 544.00 | OK | |
r-oldrel-macos-arm64 | 0.8.1 | 250.00 | NOTE | |||
r-oldrel-macos-x86_64 | 0.8.1 | 439.00 | NOTE | |||
r-oldrel-windows-x86_64 | 0.8.1 | 179.00 | 540.00 | 719.00 | OK |
Version: 0.8.1
Check: Rd cross-references
Result: NOTE
Found the following Rd file(s) with Rd \link{} targets missing package
anchors:
bed_map.Rd: count
bed_partition.Rd: count
Please provide package anchors for all Rd \link{} targets not in the
package itself and the base packages.
Flavors: r-devel-linux-x86_64-debian-clang, r-devel-linux-x86_64-debian-gcc, r-devel-windows-x86_64
Version: 0.8.1
Check: installed package size
Result: NOTE
installed size is 7.3Mb
sub-directories of 1Mb or more:
libs 6.2Mb
Flavors: r-release-macos-arm64, r-release-macos-x86_64, r-oldrel-macos-arm64, r-oldrel-macos-x86_64