Last updated on 2025-10-25 05:50:24 CEST.
| Flavor | Version | Tinstall | Tcheck | Ttotal | Status | Flags |
|---|---|---|---|---|---|---|
| r-devel-linux-x86_64-debian-clang | 1.5.4.07 | 17.07 | 134.26 | 151.33 | NOTE | |
| r-devel-linux-x86_64-debian-gcc | 1.5.4.07 | 13.66 | 95.24 | 108.90 | NOTE | |
| r-devel-linux-x86_64-fedora-clang | 1.5.4.07 | 34.00 | 125.91 | 159.91 | NOTE | |
| r-devel-linux-x86_64-fedora-gcc | 1.5.4.07 | 90.00 | 144.73 | 234.73 | NOTE | |
| r-devel-windows-x86_64 | 1.5.4.07 | 20.00 | 132.00 | 152.00 | OK | |
| r-patched-linux-x86_64 | 1.5.4.07 | 18.19 | 124.68 | 142.87 | OK | |
| r-release-linux-x86_64 | 1.5.4.07 | 16.27 | 122.17 | 138.44 | OK | |
| r-release-macos-arm64 | 1.5.4.07 | 7.00 | 46.00 | 53.00 | OK | |
| r-release-macos-x86_64 | 1.5.4.07 | 16.00 | 96.00 | 112.00 | OK | |
| r-release-windows-x86_64 | 1.5.4.07 | 20.00 | 132.00 | 152.00 | OK | |
| r-oldrel-macos-arm64 | 1.5.4.07 | 8.00 | 49.00 | 57.00 | OK | |
| r-oldrel-macos-x86_64 | 1.5.4.07 | 16.00 | 100.00 | 116.00 | OK | |
| r-oldrel-windows-x86_64 | 1.5.4.07 | 28.00 | 172.00 | 200.00 | OK |
Version: 1.5.4.07
Check: Rd files
Result: NOTE
checkRd: (-1) Defendants2025.Rd:9-21: Only 2 columns allowed in this table (row 1 has 1)
checkRd: (-1) GSS2014.Rd:9-686: Only 2 columns allowed in this table (row 1 has 1)
checkRd: (-1) UCR2015.Rd:9-112: Only 2 columns allowed in this table (row 1 has 1)
checkRd: (-1) WBBN2019.Rd:9-33: Only 2 columns allowed in this table (row 1 has 1)
checkRd: (-1) howell_aids_long.Rd:9-13: Only 2 columns allowed in this table (row 1 has 1)
checkRd: (-1) howell_aids_wide.Rd:9-14: Only 2 columns allowed in this table (row 1 has 1)
Flavors: r-devel-linux-x86_64-debian-clang, r-devel-linux-x86_64-debian-gcc, r-devel-linux-x86_64-fedora-clang, r-devel-linux-x86_64-fedora-gcc