Last updated on 2024-08-25 05:49:38 CEST.
Flavor | Version | Tinstall | Tcheck | Ttotal | Status | Flags |
---|---|---|---|---|---|---|
r-devel-linux-x86_64-debian-clang | 0.6.5 | 38.00 | 207.77 | 245.77 | NOTE | |
r-devel-linux-x86_64-debian-gcc | 0.6.5 | 27.47 | 134.76 | 162.23 | NOTE | |
r-devel-linux-x86_64-fedora-clang | 0.6.5 | 386.73 | NOTE | |||
r-devel-linux-x86_64-fedora-gcc | 0.6.5 | 407.11 | NOTE | |||
r-devel-windows-x86_64 | 0.6.5 | 72.00 | 231.00 | 303.00 | NOTE | |
r-patched-linux-x86_64 | 0.6.5 | 38.86 | 192.53 | 231.39 | OK | |
r-release-linux-x86_64 | 0.6.5 | 39.64 | 194.24 | 233.88 | OK | |
r-release-macos-arm64 | 0.6.5 | 115.00 | OK | |||
r-release-macos-x86_64 | 0.6.5 | 178.00 | OK | |||
r-release-windows-x86_64 | 0.6.5 | 74.00 | 223.00 | 297.00 | OK | |
r-oldrel-macos-arm64 | 0.6.5 | 119.00 | OK | |||
r-oldrel-macos-x86_64 | 0.6.5 | 269.00 | OK | |||
r-oldrel-windows-x86_64 | 0.6.5 | 80.00 | 293.00 | 373.00 | OK |
Version: 0.6.5
Check: compiled code
Result: NOTE
File ‘vctrs/libs/vctrs.so’:
Found non-API calls to R: ‘FRAME’, ‘HASHTAB’, ‘LEVELS’, ‘PRENV’,
‘PRVALUE’, ‘R_PromiseExpr’, ‘Rf_findVarInFrame3’, ‘SETLENGTH’,
‘SET_BODY’, ‘SET_CLOENV’, ‘SET_ENCLOS’, ‘SET_FORMALS’,
‘SET_GROWABLE_BIT’, ‘SET_S4_OBJECT’, ‘SET_TRUELENGTH’,
‘STDVEC_DATAPTR’, ‘STRING_PTR’, ‘TRUELENGTH’, ‘UNSET_S4_OBJECT’
Compiled code should not call non-API entry points in R.
See ‘Writing portable packages’ in the ‘Writing R Extensions’ manual,
and section ‘Moving into C API compliance’ for issues with the use of
non-API entry points.
Flavors: r-devel-linux-x86_64-debian-clang, r-devel-linux-x86_64-debian-gcc, r-devel-linux-x86_64-fedora-clang, r-devel-linux-x86_64-fedora-gcc
Version: 0.6.5
Check: compiled code
Result: NOTE
File 'vctrs/libs/x64/vctrs.dll':
Found non-API calls to R: 'FRAME', 'HASHTAB', 'LEVELS', 'PRENV',
'PRVALUE', 'R_PromiseExpr', 'Rf_findVarInFrame3', 'SETLENGTH',
'SET_BODY', 'SET_CLOENV', 'SET_ENCLOS', 'SET_FORMALS',
'SET_GROWABLE_BIT', 'SET_S4_OBJECT', 'SET_TRUELENGTH',
'STDVEC_DATAPTR', 'STRING_PTR', 'TRUELENGTH', 'UNSET_S4_OBJECT'
Compiled code should not call non-API entry points in R.
See 'Writing portable packages' in the 'Writing R Extensions' manual,
and section 'Moving into C API compliance' for issues with the use of
non-API entry points.
Flavor: r-devel-windows-x86_64