Last updated on 2025-02-21 04:52:10 CET.
Flavor | Version | Tinstall | Tcheck | Ttotal | Status | Flags |
---|---|---|---|---|---|---|
r-devel-linux-x86_64-debian-clang | 1.1.3 | 3.16 | 28.45 | 31.61 | NOTE | |
r-devel-linux-x86_64-debian-gcc | 1.1.3 | 2.54 | 22.32 | 24.86 | NOTE | |
r-devel-linux-x86_64-fedora-clang | 1.1.3 | 52.52 | OK | |||
r-devel-linux-x86_64-fedora-gcc | 1.1.3 | 47.84 | OK | |||
r-devel-macos-arm64 | 1.1.3 | 20.00 | OK | |||
r-devel-macos-x86_64 | 1.1.3 | 42.00 | OK | |||
r-devel-windows-x86_64 | 1.1.3 | 5.00 | 52.00 | 57.00 | NOTE | |
r-patched-linux-x86_64 | 1.1.3 | 5.93 | 27.26 | 33.19 | OK | |
r-release-linux-x86_64 | 1.1.3 | 2.62 | 26.77 | 29.39 | OK | |
r-release-macos-arm64 | 1.1.3 | 19.00 | OK | |||
r-release-macos-x86_64 | 1.1.3 | 28.00 | OK | |||
r-release-windows-x86_64 | 1.1.3 | 5.00 | 50.00 | 55.00 | OK | |
r-oldrel-macos-arm64 | 1.1.3 | 25.00 | OK | |||
r-oldrel-macos-x86_64 | 1.1.3 | 40.00 | OK | |||
r-oldrel-windows-x86_64 | 1.1.3 | 4.00 | 60.00 | 64.00 | OK |
Version: 1.1.3
Check: Rd cross-references
Result: NOTE
Found the following Rd file(s) with Rd \link{} targets missing package
anchors:
applyTransformation.Rd: sp
Please provide package anchors for all Rd \link{} targets not in the
package itself and the base packages.
Flavors: r-devel-linux-x86_64-debian-clang, r-devel-linux-x86_64-debian-gcc, r-devel-windows-x86_64