Last updated on 2025-10-25 05:50:24 CEST.
| Flavor | Version | Tinstall | Tcheck | Ttotal | Status | Flags |
|---|---|---|---|---|---|---|
| r-devel-linux-x86_64-debian-clang | 0.11.0 | 118.93 | 179.15 | 298.08 | OK | |
| r-devel-linux-x86_64-debian-gcc | 0.11.0 | 95.39 | 135.98 | 231.37 | OK | |
| r-devel-linux-x86_64-fedora-clang | 0.11.0 | 577.00 | -47.55 | 529.45 | OK | |
| r-devel-linux-x86_64-fedora-gcc | 0.11.0 | 318.00 | 267.78 | 585.78 | OK | |
| r-devel-windows-x86_64 | 0.11.0 | 127.00 | 386.00 | 513.00 | OK | |
| r-patched-linux-x86_64 | 0.11.0 | 136.47 | 186.17 | 322.64 | OK | |
| r-release-linux-x86_64 | 0.11.0 | 143.26 | 186.24 | 329.50 | OK | |
| r-release-macos-arm64 | 0.11.0 | 55.00 | 117.00 | 172.00 | OK | |
| r-release-macos-x86_64 | 0.11.0 | 137.00 | 242.00 | 379.00 | OK | |
| r-release-windows-x86_64 | 0.11.0 | 131.00 | 382.00 | 513.00 | OK | |
| r-oldrel-macos-arm64 | 0.11.0 | 46.00 | 104.00 | 150.00 | NOTE | |
| r-oldrel-macos-x86_64 | 0.11.0 | 151.00 | 232.00 | 383.00 | NOTE | |
| r-oldrel-windows-x86_64 | 0.11.0 | 147.00 | 439.00 | 586.00 | NOTE |
Version: 0.11.0
Check: installed package size
Result: NOTE
installed size is 54.3Mb
sub-directories of 1Mb or more:
doc 1.4Mb
libs 52.7Mb
Flavors: r-oldrel-macos-arm64, r-oldrel-macos-x86_64, r-oldrel-windows-x86_64