Last updated on 2025-02-21 04:52:10 CET.
Flavor | Version | Tinstall | Tcheck | Ttotal | Status | Flags |
---|---|---|---|---|---|---|
r-devel-linux-x86_64-debian-clang | 1.0.1 | 11.70 | 431.43 | 443.13 | NOTE | |
r-devel-linux-x86_64-debian-gcc | 1.0.1 | 7.91 | 299.18 | 307.09 | NOTE | |
r-devel-linux-x86_64-fedora-clang | 1.0.1 | 704.54 | NOTE | |||
r-devel-linux-x86_64-fedora-gcc | 1.0.1 | 796.56 | NOTE | |||
r-devel-macos-arm64 | 1.0.1 | 234.00 | NOTE | |||
r-devel-macos-x86_64 | 1.0.1 | 477.00 | NOTE | |||
r-devel-windows-x86_64 | 1.0.1 | 14.00 | 529.00 | 543.00 | NOTE | |
r-patched-linux-x86_64 | 1.0.1 | 16.67 | 425.39 | 442.06 | NOTE | |
r-release-linux-x86_64 | 1.0.1 | 9.93 | 412.74 | 422.67 | NOTE | |
r-release-macos-arm64 | 1.0.1 | 236.00 | NOTE | |||
r-release-macos-x86_64 | 1.0.1 | 357.00 | NOTE | |||
r-release-windows-x86_64 | 1.0.1 | 15.00 | 527.00 | 542.00 | NOTE | |
r-oldrel-macos-arm64 | 1.0.1 | 278.00 | OK | |||
r-oldrel-macos-x86_64 | 1.0.1 | 407.00 | OK | |||
r-oldrel-windows-x86_64 | 1.0.1 | 15.00 | 517.00 | 532.00 | OK |
Version: 1.0.1
Check: Rd files
Result: NOTE
checkRd: (-1) simulatePopulation.Rd:75: Lost braces; missing escapes or markup?
75 | \item \strong{Pollen productivity}: In each time step the model computes the pollen productivity (in relative values) of the population using the equation \eqn{P_{t} = \sum x_{it} \times max(S_{t}, B)}, where \emph{t} is time (a given simulation time step), \emph{P} is the pollen productivity of the population at a given time, \emph{x_{i}} represents the biomass of every adult individual, \emph{S} is the environmental suitability at the given time, \emph{B} is the contribution of biomass to pollen productivity regardless of environmental suitability (\emph{pollen.control} parameter in the simulation, 0 by default). If \emph{B} equals 1, \emph{P} is equal to the total biomass sum of the adult population, regardless of the environmental suitability. If \emph{B} equals 0, pollen productivity depends entirely on environmental suitability values.
| ^
Flavors: r-devel-linux-x86_64-debian-clang, r-devel-linux-x86_64-debian-gcc, r-devel-linux-x86_64-fedora-clang, r-devel-linux-x86_64-fedora-gcc, r-devel-macos-arm64, r-devel-macos-x86_64, r-devel-windows-x86_64, r-patched-linux-x86_64, r-release-linux-x86_64, r-release-macos-arm64, r-release-macos-x86_64, r-release-windows-x86_64
Version: 1.0.1
Check: Rd cross-references
Result: NOTE
Found the following Rd file(s) with Rd \link{} targets missing package
anchors:
parametersCheck.Rd: ggplot2
Please provide package anchors for all Rd \link{} targets not in the
package itself and the base packages.
Flavors: r-devel-linux-x86_64-debian-clang, r-devel-linux-x86_64-debian-gcc, r-devel-windows-x86_64