Last updated on 2025-11-16 04:49:00 CET.
| Flavor | Version | Tinstall | Tcheck | Ttotal | Status | Flags |
|---|---|---|---|---|---|---|
| r-devel-linux-x86_64-debian-clang | 0.7.0 | 20.74 | 350.91 | 371.65 | OK | |
| r-devel-linux-x86_64-debian-gcc | 0.7.0 | 14.50 | 245.27 | 259.77 | NOTE | |
| r-devel-linux-x86_64-fedora-clang | 0.7.0 | 47.00 | 528.88 | 575.88 | OK | |
| r-devel-linux-x86_64-fedora-gcc | 0.7.0 | 51.00 | 361.98 | 412.98 | OK | |
| r-devel-windows-x86_64 | 0.7.0 | 24.00 | 349.00 | 373.00 | OK | |
| r-patched-linux-x86_64 | 0.7.0 | 27.96 | 335.17 | 363.13 | OK | |
| r-release-linux-x86_64 | 0.7.0 | 18.48 | 333.66 | 352.14 | OK | |
| r-release-macos-arm64 | 0.7.0 | 10.00 | 119.00 | 129.00 | OK | |
| r-release-macos-x86_64 | 0.7.0 | 35.00 | 190.00 | 225.00 | OK | |
| r-release-windows-x86_64 | 0.7.0 | 26.00 | 343.00 | 369.00 | OK | |
| r-oldrel-macos-arm64 | 0.7.0 | 12.00 | 131.00 | 143.00 | OK | |
| r-oldrel-macos-x86_64 | 0.7.0 | 22.00 | 221.00 | 243.00 | OK | |
| r-oldrel-windows-x86_64 | 0.7.0 | 33.00 | 465.00 | 498.00 | OK |
Version: 0.7.0
Check: CRAN incoming feasibility
Result: NOTE
Maintainer: ‘Martin Chan <martin.chan@microsoft.com>’
The BugReports field in DESCRIPTION has
https://github.com/microsoft/vivainsights/issues/
which should likely be
https://github.com/microsoft/vivainsights/issues/issues
instead.
Flavor: r-devel-linux-x86_64-debian-gcc