Last updated on 2025-02-21 04:52:10 CET.
Flavor | Version | Tinstall | Tcheck | Ttotal | Status | Flags |
---|---|---|---|---|---|---|
r-devel-linux-x86_64-debian-clang | 0.1.1 | 7.44 | 61.21 | 68.65 | OK | |
r-devel-linux-x86_64-debian-gcc | 0.1.1 | 5.82 | 42.92 | 48.74 | OK | |
r-devel-linux-x86_64-fedora-clang | 0.1.1 | 108.84 | OK | |||
r-devel-linux-x86_64-fedora-gcc | 0.1.1 | 101.05 | OK | |||
r-devel-macos-arm64 | 0.1.1 | 31.00 | OK | |||
r-devel-macos-x86_64 | 0.1.1 | 67.00 | OK | |||
r-devel-windows-x86_64 | 0.1.1 | 8.00 | 81.00 | 89.00 | OK | |
r-patched-linux-x86_64 | 0.1.1 | 7.58 | 56.95 | 64.53 | NOTE | |
r-release-linux-x86_64 | 0.1.1 | 6.34 | 57.28 | 63.62 | NOTE | |
r-release-macos-arm64 | 0.1.1 | 30.00 | NOTE | |||
r-release-macos-x86_64 | 0.1.1 | 57.00 | NOTE | |||
r-release-windows-x86_64 | 0.1.1 | 8.00 | 75.00 | 83.00 | NOTE | |
r-oldrel-macos-arm64 | 0.1.1 | 36.00 | NOTE | |||
r-oldrel-macos-x86_64 | 0.1.1 | 55.00 | NOTE | |||
r-oldrel-windows-x86_64 | 0.1.1 | 7.00 | 85.00 | 92.00 | NOTE |
Version: 0.1.1
Check: LazyData
Result: NOTE
'LazyData' is specified without a 'data' directory
Flavors: r-patched-linux-x86_64, r-release-linux-x86_64, r-release-macos-arm64, r-release-macos-x86_64, r-release-windows-x86_64, r-oldrel-macos-arm64, r-oldrel-macos-x86_64, r-oldrel-windows-x86_64