Last updated on 2025-02-22 04:51:33 CET.
Flavor | Version | Tinstall | Tcheck | Ttotal | Status | Flags |
---|---|---|---|---|---|---|
r-devel-linux-x86_64-debian-clang | 1.0.2 | 9.25 | 83.99 | 93.24 | NOTE | |
r-devel-linux-x86_64-debian-gcc | 1.0.2 | 6.41 | 58.85 | 65.26 | NOTE | |
r-devel-linux-x86_64-fedora-clang | 1.0.2 | 151.15 | OK | |||
r-devel-linux-x86_64-fedora-gcc | 1.0.2 | 141.04 | OK | |||
r-devel-macos-arm64 | 1.0.2 | 38.00 | OK | |||
r-devel-macos-x86_64 | 1.0.2 | 81.00 | OK | |||
r-devel-windows-x86_64 | 1.0.2 | 10.00 | 95.00 | 105.00 | NOTE | |
r-patched-linux-x86_64 | 1.0.2 | 7.88 | 79.02 | 86.90 | OK | |
r-release-linux-x86_64 | 1.0.2 | 7.72 | 77.90 | 85.62 | OK | |
r-release-macos-arm64 | 1.0.2 | 37.00 | OK | |||
r-release-macos-x86_64 | 1.0.2 | 63.00 | OK | |||
r-release-windows-x86_64 | 1.0.2 | 11.00 | 95.00 | 106.00 | OK | |
r-oldrel-macos-arm64 | 1.0.2 | 60.00 | OK | |||
r-oldrel-macos-x86_64 | 1.0.2 | 98.00 | OK | |||
r-oldrel-windows-x86_64 | 1.0.2 | 13.00 | 115.00 | 128.00 | OK |
Version: 1.0.2
Check: Rd cross-references
Result: NOTE
Found the following Rd file(s) with Rd \link{} targets missing package
anchors:
wcep.Rd: coxph
Please provide package anchors for all Rd \link{} targets not in the
package itself and the base packages.
Flavors: r-devel-linux-x86_64-debian-clang, r-devel-linux-x86_64-debian-gcc, r-devel-windows-x86_64