Last updated on 2025-11-16 04:49:00 CET.
| Flavor | Version | Tinstall | Tcheck | Ttotal | Status | Flags |
|---|---|---|---|---|---|---|
| r-devel-linux-x86_64-debian-clang | 0.1.6 | 26.66 | 232.03 | 258.69 | NOTE | |
| r-devel-linux-x86_64-debian-gcc | 0.1.6 | 16.07 | 146.05 | 162.12 | NOTE | |
| r-devel-linux-x86_64-fedora-clang | 0.1.6 | 53.00 | 362.94 | 415.94 | NOTE | |
| r-devel-linux-x86_64-fedora-gcc | 0.1.6 | 53.00 | 352.88 | 405.88 | NOTE | |
| r-devel-windows-x86_64 | 0.1.6 | 25.00 | 186.00 | 211.00 | NOTE | |
| r-patched-linux-x86_64 | 0.1.6 | 24.01 | 224.19 | 248.20 | OK | |
| r-release-linux-x86_64 | 0.1.6 | 24.92 | 221.75 | 246.67 | OK | |
| r-release-macos-arm64 | 0.1.6 | 10.00 | 85.00 | 95.00 | OK | |
| r-release-macos-x86_64 | 0.1.6 | 32.00 | 186.00 | 218.00 | OK | |
| r-release-windows-x86_64 | 0.1.6 | 24.00 | 193.00 | 217.00 | OK | |
| r-oldrel-macos-arm64 | 0.1.6 | 10.00 | 85.00 | 95.00 | OK | |
| r-oldrel-macos-x86_64 | 0.1.6 | 29.00 | 195.00 | 224.00 | OK | |
| r-oldrel-windows-x86_64 | 0.1.6 | 33.00 | 254.00 | 287.00 | OK |
Version: 0.1.6
Check: Rd files
Result: NOTE
checkRd: (-1) wdnr.gis-package.Rd:13: height/width attributes should be in pixels
Flavors: r-devel-linux-x86_64-debian-clang, r-devel-linux-x86_64-debian-gcc, r-devel-linux-x86_64-fedora-clang, r-devel-linux-x86_64-fedora-gcc, r-devel-windows-x86_64