Last updated on 2025-10-25 05:50:24 CEST.
| Flavor | Version | Tinstall | Tcheck | Ttotal | Status | Flags |
|---|---|---|---|---|---|---|
| r-devel-linux-x86_64-debian-clang | 1.1.2 | 2.15 | 28.54 | 30.69 | OK | |
| r-devel-linux-x86_64-debian-gcc | 1.1.2 | 1.58 | 22.82 | 24.40 | OK | |
| r-devel-linux-x86_64-fedora-clang | 1.1.2 | 45.83 | NOTE | |||
| r-devel-linux-x86_64-fedora-gcc | 1.1.2 | 41.65 | NOTE | |||
| r-devel-windows-x86_64 | 1.1.2 | 4.00 | 48.00 | 52.00 | OK | |
| r-patched-linux-x86_64 | 1.1.2 | 1.90 | 25.97 | 27.87 | OK | |
| r-release-linux-x86_64 | 1.1.2 | 2.10 | 25.97 | 28.07 | OK | |
| r-release-macos-arm64 | 1.1.2 | 1.00 | 119.00 | 120.00 | OK | |
| r-release-macos-x86_64 | 1.1.2 | 2.00 | 35.00 | 37.00 | OK | |
| r-release-windows-x86_64 | 1.1.2 | 4.00 | 50.00 | 54.00 | OK | |
| r-oldrel-macos-arm64 | 1.1.2 | 1.00 | 23.00 | 24.00 | OK | |
| r-oldrel-macos-x86_64 | 1.1.2 | 2.00 | 29.00 | 31.00 | OK | |
| r-oldrel-windows-x86_64 | 1.1.2 | 5.00 | 55.00 | 60.00 | OK |
Version: 1.1.2
Check: dependencies in R code
Result: NOTE
Namespaces in Imports field not imported from:
‘here’ ‘tibble’
All declared Imports should be used.
Flavors: r-devel-linux-x86_64-fedora-clang, r-devel-linux-x86_64-fedora-gcc