Last updated on 2025-11-16 04:49:00 CET.
| Flavor | Version | Tinstall | Tcheck | Ttotal | Status | Flags |
|---|---|---|---|---|---|---|
| r-devel-linux-x86_64-debian-clang | 0.0.2 | 6.61 | 52.81 | 59.42 | OK | |
| r-devel-linux-x86_64-debian-gcc | 0.0.2 | 4.72 | 39.49 | 44.21 | NOTE | |
| r-devel-linux-x86_64-fedora-clang | 0.0.2 | 51.00 | 46.56 | 97.56 | OK | |
| r-devel-linux-x86_64-fedora-gcc | 0.0.2 | 14.00 | 68.77 | 82.77 | OK | |
| r-devel-windows-x86_64 | 0.0.2 | 14.00 | 71.00 | 85.00 | OK | |
| r-patched-linux-x86_64 | 0.0.2 | 7.60 | 48.89 | 56.49 | OK | |
| r-release-linux-x86_64 | 0.0.2 | 6.61 | 48.84 | 55.45 | OK | |
| r-release-macos-arm64 | 0.0.2 | 3.00 | 21.00 | 24.00 | OK | |
| r-release-macos-x86_64 | 0.0.2 | 9.00 | 67.00 | 76.00 | OK | |
| r-release-windows-x86_64 | 0.0.2 | 9.00 | 70.00 | 79.00 | OK | |
| r-oldrel-macos-arm64 | 0.0.2 | 3.00 | 26.00 | 29.00 | OK | |
| r-oldrel-macos-x86_64 | 0.0.2 | 19.00 | 100.00 | 119.00 | OK | |
| r-oldrel-windows-x86_64 | 0.0.2 | 11.00 | 87.00 | 98.00 | OK |
Version: 0.0.2
Check: CRAN incoming feasibility
Result: NOTE
Maintainer: ‘Andre Leite <leite@castlab.org>’
The BugReports field in DESCRIPTION has
https://github.com/StrategicProjects/whapi/issues/
which should likely be
https://github.com/StrategicProjects/whapi/issues/issues
instead.
Flavor: r-devel-linux-x86_64-debian-gcc