Last updated on 2025-11-16 04:49:00 CET.
| Flavor | Version | Tinstall | Tcheck | Ttotal | Status | Flags |
|---|---|---|---|---|---|---|
| r-devel-linux-x86_64-debian-clang | 0.3.3 | 8.37 | 89.31 | 97.68 | NOTE | |
| r-devel-linux-x86_64-debian-gcc | 0.3.3 | 6.31 | 59.76 | 66.07 | NOTE | |
| r-devel-linux-x86_64-fedora-clang | 0.3.3 | 47.00 | 119.22 | 166.22 | OK | |
| r-devel-linux-x86_64-fedora-gcc | 0.3.3 | 15.00 | 128.12 | 143.12 | OK | |
| r-devel-windows-x86_64 | 0.3.3 | 11.00 | 104.00 | 115.00 | NOTE | |
| r-patched-linux-x86_64 | 0.3.3 | 9.34 | 84.53 | 93.87 | NOTE | |
| r-release-linux-x86_64 | 0.3.3 | 8.06 | 85.96 | 94.02 | NOTE | |
| r-release-macos-arm64 | 0.3.3 | 4.00 | 38.00 | 42.00 | OK | |
| r-release-macos-x86_64 | 0.3.3 | 11.00 | 88.00 | 99.00 | OK | |
| r-release-windows-x86_64 | 0.3.3 | 10.00 | 102.00 | 112.00 | NOTE | |
| r-oldrel-macos-arm64 | 0.3.3 | 4.00 | 36.00 | 40.00 | OK | |
| r-oldrel-macos-x86_64 | 0.3.3 | 6.00 | 67.00 | 73.00 | OK | |
| r-oldrel-windows-x86_64 | 0.3.3 | 15.00 | 122.00 | 137.00 | OK |
Version: 0.3.3
Check: Rd cross-references
Result: NOTE
Found the following Rd file(s) with Rd \link{} targets missing package
anchors:
plotComb.Rd: hdi
plot_Bwiqid.Rd: postPlot
Please provide package anchors for all Rd \link{} targets not in the
package itself and the base packages.
Flavors: r-devel-linux-x86_64-debian-clang, r-devel-linux-x86_64-debian-gcc, r-devel-windows-x86_64, r-patched-linux-x86_64, r-release-linux-x86_64, r-release-windows-x86_64