Last updated on 2025-02-21 04:52:11 CET.
Flavor | Version | Tinstall | Tcheck | Ttotal | Status | Flags |
---|---|---|---|---|---|---|
r-devel-linux-x86_64-debian-clang | 1.4-4 | 16.16 | 55.73 | 71.89 | OK | |
r-devel-linux-x86_64-debian-gcc | 1.4-4 | 11.53 | 40.09 | 51.62 | OK | |
r-devel-linux-x86_64-fedora-clang | 1.4-4 | 115.42 | OK | |||
r-devel-linux-x86_64-fedora-gcc | 1.4-4 | 123.38 | OK | |||
r-devel-macos-arm64 | 1.4-4 | 49.00 | OK | |||
r-devel-macos-x86_64 | 1.4-4 | 83.00 | OK | |||
r-devel-windows-x86_64 | 1.4-4 | 21.00 | 100.00 | 121.00 | OK | |
r-patched-linux-x86_64 | 1.4-4 | 17.68 | 52.92 | 70.60 | OK | |
r-release-linux-x86_64 | 1.4-4 | 14.63 | 52.84 | 67.47 | OK | |
r-release-macos-arm64 | 1.4-4 | 47.00 | NOTE | |||
r-release-macos-x86_64 | 1.4-4 | 102.00 | NOTE | |||
r-release-windows-x86_64 | 1.4-4 | 17.00 | 100.00 | 117.00 | OK | |
r-oldrel-macos-arm64 | 1.4-4 | 50.00 | NOTE | |||
r-oldrel-macos-x86_64 | 1.4-4 | 95.00 | NOTE | |||
r-oldrel-windows-x86_64 | 1.4-4 | 16.00 | 105.00 | 121.00 | OK |
Version: 1.4-4
Check: installed package size
Result: NOTE
installed size is 5.2Mb
sub-directories of 1Mb or more:
data 4.5Mb
Flavors: r-release-macos-arm64, r-release-macos-x86_64, r-oldrel-macos-arm64, r-oldrel-macos-x86_64