CRAN Package Check Results for Package wooldridge

Last updated on 2025-11-16 04:49:00 CET.

Flavor Version Tinstall Tcheck Ttotal Status Flags
r-devel-linux-x86_64-debian-clang 1.4-4 15.45 61.39 76.84 OK
r-devel-linux-x86_64-debian-gcc 1.4-4 11.68 47.76 59.44 NOTE
r-devel-linux-x86_64-fedora-clang 1.4-4 29.00 87.76 116.76 OK
r-devel-linux-x86_64-fedora-gcc 1.4-4 31.00 95.81 126.81 OK
r-devel-windows-x86_64 1.4-4 24.00 100.00 124.00 OK
r-patched-linux-x86_64 1.4-4 19.03 58.44 77.47 OK
r-release-linux-x86_64 1.4-4 15.29 58.95 74.24 OK
r-release-macos-arm64 1.4-4 9.00 42.00 51.00 OK
r-release-macos-x86_64 1.4-4 19.00 69.00 88.00 OK
r-release-windows-x86_64 1.4-4 18.00 101.00 119.00 OK
r-oldrel-macos-arm64 1.4-4 10.00 37.00 47.00 NOTE
r-oldrel-macos-x86_64 1.4-4 17.00 85.00 102.00 NOTE
r-oldrel-windows-x86_64 1.4-4 20.00 114.00 134.00 OK

Check Details

Version: 1.4-4
Check: CRAN incoming feasibility
Result: NOTE Maintainer: ‘Justin M. Shea <jshea@roosevelt.edu>’ The BugReports field in DESCRIPTION has https://github.com/JustinMShea/wooldridge/issues/ which should likely be https://github.com/JustinMShea/wooldridge/issues/issues instead. Flavor: r-devel-linux-x86_64-debian-gcc

Version: 1.4-4
Check: installed package size
Result: NOTE installed size is 5.2Mb sub-directories of 1Mb or more: data 4.5Mb Flavors: r-oldrel-macos-arm64, r-oldrel-macos-x86_64