Last updated on 2025-11-16 04:49:00 CET.
| Flavor | Version | Tinstall | Tcheck | Ttotal | Status | Flags |
|---|---|---|---|---|---|---|
| r-devel-linux-x86_64-debian-clang | 0.4.0 | 74.70 | 43.42 | 118.12 | NOTE | |
| r-devel-linux-x86_64-debian-gcc | 0.4.0 | 56.81 | 32.07 | 88.88 | NOTE | |
| r-devel-linux-x86_64-fedora-clang | 0.4.0 | 126.00 | 96.12 | 222.12 | NOTE | |
| r-devel-linux-x86_64-fedora-gcc | 0.4.0 | 137.00 | 75.48 | 212.48 | NOTE | |
| r-devel-windows-x86_64 | 0.4.0 | 106.00 | 78.00 | 184.00 | NOTE | |
| r-patched-linux-x86_64 | 0.4.0 | 78.36 | 40.04 | 118.40 | NOTE | |
| r-release-linux-x86_64 | 0.4.0 | 80.03 | 40.55 | 120.58 | NOTE | |
| r-release-macos-arm64 | 0.4.0 | 28.00 | 27.00 | 55.00 | NOTE | |
| r-release-macos-x86_64 | 0.4.0 | 29.00 | 37.00 | 66.00 | NOTE | |
| r-release-windows-x86_64 | 0.4.0 | 89.00 | 79.00 | 168.00 | NOTE | |
| r-oldrel-macos-arm64 | 0.4.0 | 26.00 | 27.00 | 53.00 | NOTE | |
| r-oldrel-macos-x86_64 | 0.4.0 | 29.00 | 33.00 | 62.00 | NOTE | |
| r-oldrel-windows-x86_64 | 0.4.0 | 99.00 | 93.00 | 192.00 | NOTE |
Version: 0.4.0
Check: CRAN incoming feasibility
Result: NOTE
Maintainer: ‘Jan Wijffels <jwijffels@bnosac.be>’
The Description field contains
at <arXiv:1310.4546>.
Please refer to arXiv e-prints via their arXiv DOI <doi:10.48550/arXiv.YYMM.NNNNN>.
Flavors: r-devel-linux-x86_64-debian-clang, r-devel-linux-x86_64-debian-gcc
Version: 0.4.0
Check: Rd files
Result: NOTE
checkRd: (-1) word2vec_similarity.Rd:30: Lost braces in \itemize; meant \describe ?
checkRd: (-1) word2vec_similarity.Rd:31: Lost braces in \itemize; meant \describe ?
Flavors: r-devel-linux-x86_64-debian-clang, r-devel-linux-x86_64-debian-gcc, r-devel-linux-x86_64-fedora-clang, r-devel-linux-x86_64-fedora-gcc, r-devel-windows-x86_64, r-patched-linux-x86_64, r-release-linux-x86_64, r-release-macos-arm64, r-release-macos-x86_64, r-release-windows-x86_64, r-oldrel-macos-arm64, r-oldrel-macos-x86_64, r-oldrel-windows-x86_64
Version: 0.4.0
Check: installed package size
Result: NOTE
installed size is 5.4Mb
sub-directories of 1Mb or more:
libs 5.0Mb
Flavors: r-oldrel-macos-arm64, r-oldrel-macos-x86_64