Last updated on 2025-02-22 04:51:33 CET.
Flavor | Version | Tinstall | Tcheck | Ttotal | Status | Flags |
---|---|---|---|---|---|---|
r-devel-linux-x86_64-debian-clang | 0.1-17 | 3.64 | 38.52 | 42.16 | OK | |
r-devel-linux-x86_64-debian-gcc | 0.1-17 | 2.72 | 28.91 | 31.63 | OK | |
r-devel-linux-x86_64-fedora-clang | 0.1-17 | 69.25 | OK | |||
r-devel-linux-x86_64-fedora-gcc | 0.1-17 | 80.40 | OK | |||
r-devel-macos-arm64 | 0.1-17 | 31.00 | OK | |||
r-devel-macos-x86_64 | 0.1-17 | 57.00 | OK | |||
r-devel-windows-x86_64 | 0.1-17 | 4.00 | 67.00 | 71.00 | OK | |
r-patched-linux-x86_64 | 0.1-17 | 3.66 | 36.61 | 40.27 | NOTE | |
r-release-linux-x86_64 | 0.1-17 | 3.24 | 36.47 | 39.71 | NOTE | |
r-release-macos-arm64 | 0.1-17 | 50.00 | NOTE | |||
r-release-macos-x86_64 | 0.1-17 | 100.00 | NOTE | |||
r-release-windows-x86_64 | 0.1-17 | 5.00 | 65.00 | 70.00 | NOTE | |
r-oldrel-macos-arm64 | 0.1-17 | 36.00 | NOTE | |||
r-oldrel-macos-x86_64 | 0.1-17 | 80.00 | NOTE | |||
r-oldrel-windows-x86_64 | 0.1-17 | 6.00 | 62.00 | 68.00 | NOTE |
Version: 0.1-17
Check: package dependencies
Result: NOTE
Package suggested but not available for checking: ‘wordnetDicts’
Flavors: r-patched-linux-x86_64, r-release-linux-x86_64, r-release-macos-arm64, r-release-macos-x86_64, r-release-windows-x86_64, r-oldrel-macos-arm64, r-oldrel-macos-x86_64, r-oldrel-windows-x86_64