Last updated on 2025-11-16 04:49:00 CET.
| Flavor | Version | Tinstall | Tcheck | Ttotal | Status | Flags |
|---|---|---|---|---|---|---|
| r-devel-linux-x86_64-debian-clang | 0.0.5 | 14.24 | 84.83 | 99.07 | NOTE | |
| r-devel-linux-x86_64-debian-gcc | 0.0.5 | 9.64 | 61.65 | 71.29 | NOTE | |
| r-devel-linux-x86_64-fedora-clang | 0.0.5 | 32.00 | 125.87 | 157.87 | OK | |
| r-devel-linux-x86_64-fedora-gcc | 0.0.5 | 30.00 | 132.69 | 162.69 | OK | |
| r-devel-windows-x86_64 | 0.0.5 | 18.00 | 92.00 | 110.00 | OK | |
| r-patched-linux-x86_64 | 0.0.5 | 15.37 | 79.73 | 95.10 | NOTE | |
| r-release-linux-x86_64 | 0.0.5 | 13.01 | 79.29 | 92.30 | NOTE | |
| r-release-macos-arm64 | 0.0.5 | 5.00 | 39.00 | 44.00 | OK | |
| r-release-macos-x86_64 | 0.0.5 | 11.00 | 76.00 | 87.00 | OK | |
| r-release-windows-x86_64 | 0.0.5 | 15.00 | 92.00 | 107.00 | OK | |
| r-oldrel-macos-arm64 | 0.0.5 | 4.00 | 43.00 | 47.00 | OK | |
| r-oldrel-macos-x86_64 | 0.0.5 | 10.00 | 64.00 | 74.00 | OK | |
| r-oldrel-windows-x86_64 | 0.0.5 | 19.00 | 118.00 | 137.00 | OK |
Version: 0.0.5
Check: for unstated dependencies in ‘demo’
Result: NOTE
'library' or 'require' call not declared from: ‘shiny’
Flavors: r-devel-linux-x86_64-debian-clang, r-devel-linux-x86_64-debian-gcc, r-patched-linux-x86_64, r-release-linux-x86_64