Last updated on 2025-11-16 04:49:00 CET.
| Flavor | Version | Tinstall | Tcheck | Ttotal | Status | Flags |
|---|---|---|---|---|---|---|
| r-devel-linux-x86_64-debian-clang | 1.1.4 | 2.50 | 69.66 | 72.16 | OK | |
| r-devel-linux-x86_64-debian-gcc | 1.1.4 | 1.99 | 53.27 | 55.26 | NOTE | |
| r-devel-linux-x86_64-fedora-clang | 1.1.4 | 111.60 | OK | |||
| r-devel-linux-x86_64-fedora-gcc | 1.1.4 | 119.68 | OK | |||
| r-devel-windows-x86_64 | 1.1.4 | 11.00 | 88.00 | 99.00 | OK | |
| r-patched-linux-x86_64 | 1.1.4 | 3.09 | 66.65 | 69.74 | OK | |
| r-release-linux-x86_64 | 1.1.4 | 2.23 | 66.65 | 68.88 | OK | |
| r-release-macos-arm64 | 1.1.4 | 1.00 | 49.00 | 50.00 | OK | |
| r-release-macos-x86_64 | 1.1.4 | 2.00 | 76.00 | 78.00 | OK | |
| r-release-windows-x86_64 | 1.1.4 | 7.00 | 86.00 | 93.00 | OK | |
| r-oldrel-macos-arm64 | 1.1.4 | 1.00 | 38.00 | 39.00 | OK | |
| r-oldrel-macos-x86_64 | 1.1.4 | 2.00 | 57.00 | 59.00 | OK | |
| r-oldrel-windows-x86_64 | 1.1.4 | 7.00 | 107.00 | 114.00 | OK |
Version: 1.1.4
Check: CRAN incoming feasibility
Result: NOTE
Maintainer: ‘Vikram B. Baliga <vbaliga87@gmail.com>’
The BugReports field in DESCRIPTION has
https://github.com/ropensci/workloopR/issues/
which should likely be
https://github.com/ropensci/workloopR/issues/issues
instead.
Flavor: r-devel-linux-x86_64-debian-gcc