Last updated on 2025-11-16 04:49:00 CET.
| Flavor | Version | Tinstall | Tcheck | Ttotal | Status | Flags |
|---|---|---|---|---|---|---|
| r-devel-linux-x86_64-debian-clang | 1.10.0 | 27.07 | 439.03 | 466.10 | OK | |
| r-devel-linux-x86_64-debian-gcc | 1.10.0 | 19.47 | 267.31 | 286.78 | NOTE | |
| r-devel-linux-x86_64-fedora-clang | 1.10.0 | 58.00 | 656.17 | 714.17 | OK | |
| r-devel-linux-x86_64-fedora-gcc | 1.10.0 | 53.00 | 640.63 | 693.63 | OK | |
| r-devel-windows-x86_64 | 1.10.0 | 30.00 | 464.00 | 494.00 | OK | |
| r-patched-linux-x86_64 | 1.10.0 | 35.52 | 417.20 | 452.72 | OK | |
| r-release-linux-x86_64 | 1.10.0 | 24.45 | 416.65 | 441.10 | OK | |
| r-release-macos-arm64 | 1.10.0 | 10.00 | 122.00 | 132.00 | OK | |
| r-release-macos-x86_64 | 1.10.0 | 30.00 | 245.00 | 275.00 | OK | |
| r-release-windows-x86_64 | 1.10.0 | 29.00 | 454.00 | 483.00 | OK | |
| r-oldrel-macos-arm64 | 1.10.0 | 10.00 | 114.00 | 124.00 | OK | |
| r-oldrel-macos-x86_64 | 1.10.0 | 29.00 | 273.00 | 302.00 | OK | |
| r-oldrel-windows-x86_64 | 1.10.0 | 40.00 | 589.00 | 629.00 | OK |
Version: 1.10.0
Check: CRAN incoming feasibility
Result: NOTE
Maintainer: ‘Martin Chan <martin.chan@microsoft.com>’
The BugReports field in DESCRIPTION has
https://github.com/microsoft/wpa/issues/
which should likely be
https://github.com/microsoft/wpa/issues/issues
instead.
Flavor: r-devel-linux-x86_64-debian-gcc