Last updated on 2024-08-25 05:49:39 CEST.
Flavor | Version | Tinstall | Tcheck | Ttotal | Status | Flags |
---|---|---|---|---|---|---|
r-devel-linux-x86_64-debian-clang | 1.7.8 | 7.98 | 76.53 | 84.51 | NOTE | |
r-devel-linux-x86_64-debian-gcc | 1.7.8 | 7.31 | 53.84 | 61.15 | NOTE | |
r-devel-linux-x86_64-fedora-clang | 1.7.8 | 136.04 | NOTE | |||
r-devel-linux-x86_64-fedora-gcc | 1.7.8 | 133.61 | NOTE | |||
r-devel-windows-x86_64 | 1.7.8 | 11.00 | 86.00 | 97.00 | NOTE | |
r-patched-linux-x86_64 | 1.7.8 | 8.14 | 72.68 | 80.82 | NOTE | |
r-release-linux-x86_64 | 1.7.8 | 9.25 | 72.01 | 81.26 | NOTE | |
r-release-macos-arm64 | 1.7.8 | 41.00 | NOTE | |||
r-release-macos-x86_64 | 1.7.8 | 58.00 | NOTE | |||
r-release-windows-x86_64 | 1.7.8 | 12.00 | 84.00 | 96.00 | NOTE | |
r-oldrel-macos-arm64 | 1.7.8 | 45.00 | OK | |||
r-oldrel-macos-x86_64 | 1.7.8 | 71.00 | OK | |||
r-oldrel-windows-x86_64 | 1.7.8 | 14.00 | 100.00 | 114.00 | OK |
Version: 1.7.8
Check: Rd files
Result: NOTE
checkRd: (-1) chemnet.Rd:111: Lost braces in \itemize; meant \describe ?
checkRd: (-1) chemnet.Rd:112: Lost braces in \itemize; meant \describe ?
checkRd: (-1) knecht.Rd:103: Lost braces in \itemize; meant \describe ?
checkRd: (-1) knecht.Rd:104: Lost braces in \itemize; meant \describe ?
checkRd: (-1) knecht.Rd:105: Lost braces in \itemize; meant \describe ?
Flavors: r-devel-linux-x86_64-debian-clang, r-devel-linux-x86_64-debian-gcc, r-devel-linux-x86_64-fedora-clang, r-devel-linux-x86_64-fedora-gcc, r-devel-windows-x86_64, r-patched-linux-x86_64, r-release-linux-x86_64, r-release-macos-arm64, r-release-macos-x86_64, r-release-windows-x86_64
Version: 1.7.8
Check: Rd cross-references
Result: NOTE
Undeclared package ‘RSiena’ in Rd xrefs
Flavor: r-devel-linux-x86_64-fedora-clang