Last updated on 2024-08-25 05:49:39 CEST.
Flavor | Version | Tinstall | Tcheck | Ttotal | Status | Flags |
---|---|---|---|---|---|---|
r-devel-linux-x86_64-debian-clang | 1.7.8.1 | 460.09 | 270.64 | 730.73 | NOTE | |
r-devel-linux-x86_64-debian-gcc | 1.7.8.1 | 412.45 | 181.50 | 593.95 | NOTE | |
r-devel-linux-x86_64-fedora-clang | 1.7.8.1 | 1372.38 | NOTE | |||
r-devel-linux-x86_64-fedora-gcc | 1.7.8.1 | 1788.18 | NOTE | |||
r-devel-windows-x86_64 | 1.7.8.1 | 557.00 | 308.00 | 865.00 | NOTE | |
r-patched-linux-x86_64 | 1.7.8.1 | 551.46 | 280.32 | 831.78 | NOTE | |
r-release-linux-x86_64 | 1.7.8.1 | 572.79 | 275.82 | 848.61 | NOTE | |
r-release-macos-arm64 | 1.7.8.1 | 356.00 | NOTE | |||
r-release-macos-x86_64 | 1.7.8.1 | 689.00 | NOTE | |||
r-release-windows-x86_64 | 1.7.8.1 | 570.00 | 294.00 | 864.00 | NOTE | |
r-oldrel-macos-arm64 | 1.7.8.1 | 355.00 | NOTE | |||
r-oldrel-macos-x86_64 | 1.7.8.1 | 609.00 | NOTE | |||
r-oldrel-windows-x86_64 | 1.7.8.1 | 664.00 | 402.00 | 1066.00 | NOTE |
Version: 1.7.8.1
Check: for GNU extensions in Makefiles
Result: NOTE
GNU make is a SystemRequirements.
Flavors: r-devel-linux-x86_64-debian-clang, r-devel-linux-x86_64-debian-gcc, r-devel-linux-x86_64-fedora-clang, r-devel-linux-x86_64-fedora-gcc, r-devel-windows-x86_64, r-patched-linux-x86_64, r-release-linux-x86_64, r-release-macos-arm64, r-release-macos-x86_64, r-release-windows-x86_64, r-oldrel-macos-arm64, r-oldrel-macos-x86_64, r-oldrel-windows-x86_64
Version: 1.7.8.1
Check: installed package size
Result: NOTE
installed size is 5.7Mb
sub-directories of 1Mb or more:
libs 4.8Mb
Flavors: r-devel-linux-x86_64-fedora-clang, r-devel-windows-x86_64, r-release-macos-arm64, r-release-macos-x86_64, r-release-windows-x86_64, r-oldrel-macos-arm64, r-oldrel-macos-x86_64, r-oldrel-windows-x86_64