Last updated on 2025-10-16 05:51:22 CEST.
Flavor | Version | Tinstall | Tcheck | Ttotal | Status | Flags |
---|---|---|---|---|---|---|
r-devel-linux-x86_64-debian-clang | 0.1.0 | 1.76 | 32.08 | 33.84 | OK | |
r-devel-linux-x86_64-debian-gcc | 0.1.0 | 1.73 | 25.40 | 27.13 | OK | |
r-devel-linux-x86_64-fedora-clang | 0.1.0 | 54.63 | OK | |||
r-devel-linux-x86_64-fedora-gcc | 0.1.0 | 63.86 | OK | |||
r-devel-windows-x86_64 | 0.1.0 | 4.00 | 54.00 | 58.00 | OK | |
r-patched-linux-x86_64 | 0.1.0 | 2.35 | 30.59 | 32.94 | OK | |
r-release-linux-x86_64 | 0.1.0 | 1.97 | 30.77 | 32.74 | OK | |
r-release-macos-arm64 | 0.1.0 | 26.00 | OK | |||
r-release-macos-x86_64 | 0.1.0 | 50.00 | OK | |||
r-release-windows-x86_64 | 0.1.0 | 4.00 | 57.00 | 61.00 | OK | |
r-oldrel-macos-arm64 | 0.1.0 | 24.00 | NOTE | |||
r-oldrel-macos-x86_64 | 0.1.0 | 37.00 | NOTE | |||
r-oldrel-windows-x86_64 | 0.1.0 | 4.00 | 61.00 | 65.00 | NOTE |
Version: 0.1.0
Check: LazyData
Result: NOTE
'LazyData' is specified without a 'data' directory
Flavors: r-oldrel-macos-arm64, r-oldrel-macos-x86_64, r-oldrel-windows-x86_64