Last updated on 2025-02-22 04:51:33 CET.
Flavor | Version | Tinstall | Tcheck | Ttotal | Status | Flags |
---|---|---|---|---|---|---|
r-devel-linux-x86_64-debian-clang | 1.1.1 | 5.45 | 42.44 | 47.89 | OK | |
r-devel-linux-x86_64-debian-gcc | 1.1.1 | 3.65 | 30.38 | 34.03 | OK | |
r-devel-linux-x86_64-fedora-clang | 1.1.1 | 72.87 | NOTE | |||
r-devel-linux-x86_64-fedora-gcc | 1.1.1 | 85.52 | NOTE | |||
r-devel-macos-arm64 | 1.1.1 | 32.00 | OK | |||
r-devel-macos-x86_64 | 1.1.1 | 59.00 | OK | |||
r-devel-windows-x86_64 | 1.1.1 | 7.00 | 58.00 | 65.00 | OK | |
r-patched-linux-x86_64 | 1.1.1 | 5.02 | 38.65 | 43.67 | NOTE | |
r-release-linux-x86_64 | 1.1.1 | 3.92 | 38.61 | 42.53 | NOTE | |
r-release-macos-arm64 | 1.1.1 | 30.00 | NOTE | |||
r-release-macos-x86_64 | 1.1.1 | 46.00 | NOTE | |||
r-release-windows-x86_64 | 1.1.1 | 7.00 | 60.00 | 67.00 | NOTE | |
r-oldrel-macos-arm64 | 1.1.1 | 29.00 | NOTE | |||
r-oldrel-macos-x86_64 | 1.1.1 | 48.00 | NOTE | |||
r-oldrel-windows-x86_64 | 1.1.1 | 9.00 | 68.00 | 77.00 | NOTE |
Version: 1.1.1
Check: dependencies in R code
Result: NOTE
Namespaces in Imports field not imported from:
‘qpdf’ ‘rlang’ ‘tibble’
All declared Imports should be used.
Flavors: r-devel-linux-x86_64-fedora-clang, r-devel-linux-x86_64-fedora-gcc
Version: 1.1.1
Check: LazyData
Result: NOTE
'LazyData' is specified without a 'data' directory
Flavors: r-patched-linux-x86_64, r-release-linux-x86_64, r-release-macos-arm64, r-release-macos-x86_64, r-release-windows-x86_64, r-oldrel-macos-arm64, r-oldrel-macos-x86_64, r-oldrel-windows-x86_64